Last updated on 2025-10-22 09:50:28 CEST.
Flavor | Version | Tinstall | Tcheck | Ttotal | Status | Flags |
---|---|---|---|---|---|---|
r-devel-linux-x86_64-debian-clang | 3.0.1 | 23.21 | 84.46 | 107.67 | NOTE | |
r-devel-linux-x86_64-debian-gcc | 3.0.1 | 12.70 | 55.28 | 67.98 | NOTE | |
r-devel-linux-x86_64-fedora-clang | 3.0.1 | 100.00 | 71.70 | 171.70 | OK | |
r-devel-linux-x86_64-fedora-gcc | 3.0.1 | 46.00 | 103.72 | 149.72 | OK | |
r-devel-windows-x86_64 | 3.0.1 | 20.00 | 79.00 | 99.00 | OK | |
r-patched-linux-x86_64 | 3.0.1 | 20.25 | 75.72 | 95.97 | OK | |
r-release-linux-x86_64 | 3.0.1 | 21.90 | 77.12 | 99.02 | OK | |
r-release-macos-arm64 | 3.0.1 | 10.00 | 35.00 | 45.00 | OK | |
r-release-macos-x86_64 | 3.0.1 | 19.00 | 65.00 | 84.00 | OK | |
r-release-windows-x86_64 | 3.0.1 | 23.00 | 81.00 | 104.00 | OK | |
r-oldrel-macos-arm64 | 3.0.1 | 9.00 | 38.00 | 47.00 | OK | |
r-oldrel-macos-x86_64 | 3.0.1 | 18.00 | 72.00 | 90.00 | OK | |
r-oldrel-windows-x86_64 | 3.0.1 | 30.00 | 100.00 | 130.00 | OK |
Version: 3.0.1
Check: HTML version of manual
Result: NOTE
Found the following HTML validation problems:
NlmeCovarItem-class.html:44:1 (NlmeCovarItem-class.Rd:11): Warning: missing </ul> before </div>
Flavors: r-devel-linux-x86_64-debian-clang, r-devel-linux-x86_64-debian-gcc