Last updated on 2025-10-05 09:49:18 CEST.
Flavor | Version | Tinstall | Tcheck | Ttotal | Status | Flags |
---|---|---|---|---|---|---|
r-devel-linux-x86_64-debian-clang | 0.1.0 | 23.28 | 81.67 | 104.95 | OK | |
r-devel-linux-x86_64-debian-gcc | 0.1.0 | 14.81 | 47.13 | 61.94 | OK | |
r-devel-linux-x86_64-fedora-clang | 0.1.0 | 169.25 | NOTE | |||
r-devel-linux-x86_64-fedora-gcc | 0.1.0 | 147.67 | NOTE | |||
r-devel-windows-x86_64 | 0.1.0 | 32.00 | 125.00 | 157.00 | OK | |
r-patched-linux-x86_64 | 0.1.0 | 24.09 | 63.98 | 88.07 | OK | |
r-release-linux-x86_64 | 0.1.0 | 22.16 | 67.37 | 89.53 | OK | |
r-release-macos-arm64 | 0.1.0 | 57.00 | OK | |||
r-release-macos-x86_64 | 0.1.0 | 150.00 | OK | |||
r-release-windows-x86_64 | 0.1.0 | 31.00 | 118.00 | 149.00 | OK | |
r-oldrel-macos-arm64 | 0.1.0 | 49.00 | OK | |||
r-oldrel-macos-x86_64 | 0.1.0 | 82.00 | OK | |||
r-oldrel-windows-x86_64 | 0.1.0 | 36.00 | 144.00 | 180.00 | OK |
Version: 0.1.0
Check: dependencies in R code
Result: NOTE
Namespaces in Imports field not imported from:
‘Rdpack’ ‘grDevices’
All declared Imports should be used.
Flavors: r-devel-linux-x86_64-fedora-clang, r-devel-linux-x86_64-fedora-gcc