CRAN Package Check Results for Package CGPfunctions

Last updated on 2025-10-22 09:50:29 CEST.

Flavor Version Tinstall Tcheck Ttotal Status Flags
r-devel-linux-x86_64-debian-clang 0.6.3 0.32 3.25 3.57 ERROR
r-devel-linux-x86_64-debian-gcc 0.6.3 0.40 2.75 3.15 ERROR
r-devel-linux-x86_64-fedora-clang 0.6.3 4.81 ERROR
r-devel-linux-x86_64-fedora-gcc 0.6.3 5.00 ERROR
r-devel-windows-x86_64 0.6.3 20.00 227.00 247.00 OK
r-patched-linux-x86_64 0.6.3 0.37 1.91 2.28 ERROR
r-release-linux-x86_64 0.6.3 0.31 1.93 2.24 ERROR
r-release-macos-arm64 0.6.3 7.00 94.00 101.00 OK
r-release-macos-x86_64 0.6.3 14.00 190.00 204.00 OK
r-release-windows-x86_64 0.6.3 19.00 224.00 243.00 OK
r-oldrel-macos-arm64 0.6.3 8.00 103.00 111.00 OK
r-oldrel-macos-x86_64 0.6.3 18.00 221.00 239.00 OK
r-oldrel-windows-x86_64 0.6.3 26.00 296.00 322.00 OK

Check Details

Version: 0.6.3
Check: package dependencies
Result: ERROR Package required but not available: ‘ggmosaic’ Package suggested but not available for checking: ‘hrbrthemes’ See section ‘The DESCRIPTION file’ in the ‘Writing R Extensions’ manual. Flavors: r-devel-linux-x86_64-debian-clang, r-devel-linux-x86_64-debian-gcc, r-devel-linux-x86_64-fedora-clang, r-devel-linux-x86_64-fedora-gcc, r-patched-linux-x86_64, r-release-linux-x86_64