Last updated on 2025-11-22 09:49:48 CET.
| Flavor | Version | Tinstall | Tcheck | Ttotal | Status | Flags |
|---|---|---|---|---|---|---|
| r-devel-linux-x86_64-debian-clang | 1.0.0 | 29.39 | 264.91 | 294.30 | NOTE | |
| r-devel-linux-x86_64-debian-gcc | 1.0.0 | 20.49 | 178.30 | 198.79 | NOTE | |
| r-devel-linux-x86_64-fedora-clang | 1.0.0 | 140.00 | 364.93 | 504.93 | OK | |
| r-devel-windows-x86_64 | 1.0.0 | 35.00 | 247.00 | 282.00 | OK | |
| r-patched-linux-x86_64 | 1.0.0 | 28.25 | 252.01 | 280.26 | OK | |
| r-release-linux-x86_64 | 1.0.0 | 24.65 | 250.18 | 274.83 | OK | |
| r-release-macos-arm64 | 1.0.0 | OK | ||||
| r-release-macos-x86_64 | 1.0.0 | 32.00 | 204.00 | 236.00 | OK | |
| r-release-windows-x86_64 | 1.0.0 | 31.00 | 225.00 | 256.00 | OK | |
| r-oldrel-macos-arm64 | 1.0.0 | OK | ||||
| r-oldrel-macos-x86_64 | 1.0.0 | 42.00 | 248.00 | 290.00 | OK | |
| r-oldrel-windows-x86_64 | 1.0.0 | 43.00 | 316.00 | 359.00 | OK |
Version: 1.0.0
Check: CRAN incoming feasibility
Result: NOTE
Maintainer: ‘Junyao Jiang <jiangjunyao789@163.com>’
No Authors@R field in DESCRIPTION.
Please add one, modifying
Authors@R: person(given = "Junyao",
family = "Jiang",
role = c("aut", "cre"),
email = "jiangjunyao789@163.com")
as necessary.
Flavors: r-devel-linux-x86_64-debian-clang, r-devel-linux-x86_64-debian-gcc