Last updated on 2025-10-31 09:50:12 CET.
| Flavor | Version | Tinstall | Tcheck | Ttotal | Status | Flags | 
|---|---|---|---|---|---|---|
| r-devel-linux-x86_64-debian-clang | 3.0.1 | 134.87 | 107.30 | 242.17 | NOTE | |
| r-devel-linux-x86_64-debian-gcc | 3.0.1 | 87.76 | 72.02 | 159.78 | NOTE | |
| r-devel-linux-x86_64-fedora-clang | 3.0.1 | 114.00 | 298.61 | 412.61 | NOTE | |
| r-devel-linux-x86_64-fedora-gcc | 3.0.1 | 159.00 | 260.00 | 419.00 | NOTE | |
| r-devel-windows-x86_64 | 3.0.1 | 148.00 | 131.00 | 279.00 | NOTE | |
| r-patched-linux-x86_64 | 3.0.1 | 135.15 | 102.27 | 237.42 | NOTE | |
| r-release-linux-x86_64 | 3.0.1 | 141.83 | 99.52 | 241.35 | NOTE | |
| r-release-macos-arm64 | 3.0.1 | 46.00 | 55.00 | 101.00 | NOTE | |
| r-release-macos-x86_64 | 3.0.1 | 44.00 | 85.00 | 129.00 | NOTE | |
| r-release-windows-x86_64 | 3.0.1 | 152.00 | 132.00 | 284.00 | NOTE | |
| r-oldrel-macos-arm64 | 3.0.1 | 43.00 | 49.00 | 92.00 | NOTE | |
| r-oldrel-macos-x86_64 | 3.0.1 | 34.00 | 131.00 | 165.00 | NOTE | |
| r-oldrel-windows-x86_64 | 3.0.1 | 176.00 | 155.00 | 331.00 | OK | 
Version: 3.0.1
Check: DESCRIPTION meta-information
Result: NOTE
    Missing dependency on R >= 4.1.0 because package code uses the pipe
    |> or function shorthand \(...) syntax added in R 4.1.0.
    File(s) using such syntax:
      ‘BranchGLM.R’ ‘BranchGLMTable.R’ ‘VariableImportance.R’
      ‘VariableImportance.boot.R’ ‘summaryBranchGLMVS.R’
Flavors: r-devel-linux-x86_64-debian-clang, r-devel-linux-x86_64-debian-gcc, r-devel-linux-x86_64-fedora-clang, r-devel-linux-x86_64-fedora-gcc, r-devel-windows-x86_64, r-patched-linux-x86_64, r-release-linux-x86_64, r-release-macos-arm64, r-release-macos-x86_64, r-release-windows-x86_64
Version: 3.0.1
Check: installed package size
Result: NOTE
    installed size is  9.8Mb
    sub-directories of 1Mb or more:
      libs   9.1Mb
Flavors: r-oldrel-macos-arm64, r-oldrel-macos-x86_64