Last updated on 2025-11-03 09:49:24 CET.
| Flavor | Version | Tinstall | Tcheck | Ttotal | Status | Flags | 
|---|---|---|---|---|---|---|
| r-devel-linux-x86_64-debian-clang | 2.3 | 21.12 | 318.07 | 339.19 | NOTE | |
| r-devel-linux-x86_64-debian-gcc | 2.3 | 14.87 | 166.12 | 180.99 | NOTE | |
| r-devel-linux-x86_64-fedora-clang | 2.3 | 73.00 | 432.21 | 505.21 | OK | |
| r-devel-linux-x86_64-fedora-gcc | 2.3 | 120.00 | 336.84 | 456.84 | OK | |
| r-devel-windows-x86_64 | 2.3 | 17.00 | 228.00 | 245.00 | OK | |
| r-patched-linux-x86_64 | 2.3 | 19.38 | 233.12 | 252.50 | OK | |
| r-release-linux-x86_64 | 2.3 | 19.55 | 236.64 | 256.19 | OK | |
| r-release-macos-arm64 | 2.3 | 30.00 | ERROR | |||
| r-release-macos-x86_64 | 2.3 | 29.00 | 241.00 | 270.00 | OK | |
| r-release-windows-x86_64 | 2.3 | 18.00 | 222.00 | 240.00 | OK | |
| r-oldrel-macos-arm64 | 2.3 | 7.00 | 110.00 | 117.00 | OK | |
| r-oldrel-macos-x86_64 | 2.3 | 12.00 | 275.00 | 287.00 | OK | |
| r-oldrel-windows-x86_64 | 2.3 | 5.00 | 9.00 | 14.00 | ERROR | 
Version: 2.3
Check: CRAN incoming feasibility
Result: NOTE
  Maintainer: ‘Mark Wappett <m.wappett@qub.ac.uk>’
  
  No Authors@R field in DESCRIPTION.
  Please add one, modifying
    Authors@R: person(given = "Mark",
                      family = "Wappett",
                      role = c("aut", "cre"),
                      email = "m.wappett@qub.ac.uk")
  as necessary.
Flavors: r-devel-linux-x86_64-debian-clang, r-devel-linux-x86_64-debian-gcc
Version: 2.3
Check: package dependencies
Result: ERROR
  Package required but not available: ‘org.Hs.eg.db’
  
  See section ‘The DESCRIPTION file’ in the ‘Writing R Extensions’
  manual.
Flavor: r-release-macos-arm64
Version: 2.3
Check: whether package can be installed
Result: ERROR
  Installation failed.
Flavor: r-oldrel-windows-x86_64