Last updated on 2025-11-01 10:49:34 CET.
| Flavor | Version | Tinstall | Tcheck | Ttotal | Status | Flags |
|---|---|---|---|---|---|---|
| r-devel-linux-x86_64-debian-clang | 0.1.0 | 92.77 | 315.13 | 407.90 | OK | |
| r-devel-linux-x86_64-debian-gcc | 0.1.0 | 62.64 | 255.41 | 318.05 | OK | |
| r-devel-linux-x86_64-fedora-clang | 0.1.0 | 222.00 | 392.91 | 614.91 | OK | |
| r-devel-linux-x86_64-fedora-gcc | 0.1.0 | 660.00 | -23.66 | 636.34 | OK | |
| r-devel-windows-x86_64 | 0.1.0 | 105.00 | 319.00 | 424.00 | OK | |
| r-patched-linux-x86_64 | 0.1.0 | 92.28 | 304.18 | 396.46 | OK | |
| r-release-linux-x86_64 | 0.1.0 | 97.42 | 293.61 | 391.03 | OK | |
| r-release-macos-arm64 | 0.1.0 | 38.00 | 147.00 | 185.00 | OK | |
| r-release-macos-x86_64 | 0.1.0 | 86.00 | 306.00 | 392.00 | OK | |
| r-release-windows-x86_64 | 0.1.0 | 101.00 | 322.00 | 423.00 | OK | |
| r-oldrel-macos-arm64 | 0.1.0 | 35.00 | 148.00 | 183.00 | NOTE | |
| r-oldrel-macos-x86_64 | 0.1.0 | 79.00 | 244.00 | 323.00 | NOTE | |
| r-oldrel-windows-x86_64 | 0.1.0 | 124.00 | 419.00 | 543.00 | OK |
Version: 0.1.0
Check: installed package size
Result: NOTE
installed size is 7.1Mb
sub-directories of 1Mb or more:
libs 5.7Mb
Flavors: r-oldrel-macos-arm64, r-oldrel-macos-x86_64