Last updated on 2025-11-21 09:48:57 CET.
| Flavor | Version | Tinstall | Tcheck | Ttotal | Status | Flags |
|---|---|---|---|---|---|---|
| r-devel-linux-x86_64-debian-clang | 1.0 | 22.13 | 29.21 | 51.34 | NOTE | |
| r-devel-linux-x86_64-debian-gcc | 1.0 | 16.28 | 23.94 | 40.22 | NOTE | |
| r-devel-linux-x86_64-fedora-clang | 1.0 | 84.00 | 5.54 | 89.54 | OK | |
| r-devel-linux-x86_64-fedora-gcc | 1.0 | 62.00 | 22.38 | 84.38 | OK | |
| r-devel-windows-x86_64 | 1.0 | 29.00 | 61.00 | 90.00 | OK | |
| r-patched-linux-x86_64 | 1.0 | 22.48 | 29.53 | 52.01 | OK | |
| r-release-linux-x86_64 | 1.0 | 24.54 | 29.18 | 53.72 | OK | |
| r-release-macos-arm64 | 1.0 | OK | ||||
| r-release-macos-x86_64 | 1.0 | 19.00 | 29.00 | 48.00 | OK | |
| r-release-windows-x86_64 | 1.0 | 25.00 | 64.00 | 89.00 | OK | |
| r-oldrel-macos-arm64 | 1.0 | NOTE | ||||
| r-oldrel-macos-x86_64 | 1.0 | 19.00 | 24.00 | 43.00 | NOTE | |
| r-oldrel-windows-x86_64 | 1.0 | 30.00 | 73.00 | 103.00 | OK |
Version: 1.0
Check: CRAN incoming feasibility
Result: NOTE
Maintainer: ‘Georg Hahn <ghahn@hsph.harvard.edu>’
No Authors@R field in DESCRIPTION.
Please add one, modifying
Authors@R: c(person(given = "Georg",
family = "Hahn",
role = c("aut", "cre"),
email = "ghahn@hsph.harvard.edu"),
person(given = "Paul",
family = "Fearnhead",
role = "ctb"),
person(given = c("Idris", "A."),
family = "Eckley",
role = "ctb"))
as necessary.
Flavors: r-devel-linux-x86_64-debian-clang, r-devel-linux-x86_64-debian-gcc
Version: 1.0
Check: installed package size
Result: NOTE
installed size is 8.8Mb
sub-directories of 1Mb or more:
libs 8.7Mb
Flavors: r-oldrel-macos-arm64, r-oldrel-macos-x86_64