Last updated on 2025-10-22 09:50:27 CEST.
Flavor | Version | Tinstall | Tcheck | Ttotal | Status | Flags |
---|---|---|---|---|---|---|
r-devel-linux-x86_64-debian-clang | 0.9.12-4.7 | 189.19 | 369.77 | 558.96 | NOTE | |
r-devel-linux-x86_64-debian-gcc | 0.9.12-4.7 | 121.12 | 263.57 | 384.69 | NOTE | |
r-devel-linux-x86_64-fedora-clang | 0.9.12-4.7 | 312.00 | 554.20 | 866.20 | OK | |
r-devel-linux-x86_64-fedora-gcc | 0.9.12-4.7 | 526.00 | 355.41 | 881.41 | OK | |
r-devel-windows-x86_64 | 0.9.12-4.7 | 200.00 | 285.00 | 485.00 | OK | |
r-patched-linux-x86_64 | 0.9.12-4.7 | 188.59 | 369.82 | 558.41 | OK | |
r-release-linux-x86_64 | 0.9.12-4.7 | 186.36 | 368.58 | 554.94 | OK | |
r-release-macos-arm64 | 0.9.12-4.7 | 75.00 | 153.00 | 228.00 | OK | |
r-release-macos-x86_64 | 0.9.12-4.7 | 64.00 | 308.00 | 372.00 | OK | |
r-release-windows-x86_64 | 0.9.12-4.7 | 206.00 | 286.00 | 492.00 | OK | |
r-oldrel-macos-arm64 | 0.9.12-4.7 | 77.00 | 109.00 | 186.00 | NOTE | |
r-oldrel-macos-x86_64 | 0.9.12-4.7 | 55.00 | 182.00 | 237.00 | NOTE | |
r-oldrel-windows-x86_64 | 0.9.12-4.7 | 237.00 | 369.00 | 606.00 | NOTE |
Version: 0.9.12-4.7
Check: HTML version of manual
Result: NOTE
Found the following HTML validation problems:
priorLogodds-method.html:53:1 (priorLogodds-method.Rd:16): Warning: missing </ul> before </div>
priorOdds-method.html:53:1 (priorOdds-method.Rd:16): Warning: missing </ul> before </div>
Flavors: r-devel-linux-x86_64-debian-clang, r-devel-linux-x86_64-debian-gcc
Version: 0.9.12-4.7
Check: installed package size
Result: NOTE
installed size is 31.8Mb
sub-directories of 1Mb or more:
doc 10.9Mb
libs 19.8Mb
Flavors: r-oldrel-macos-arm64, r-oldrel-macos-x86_64, r-oldrel-windows-x86_64
Version: 0.9.12-4.7
Check: package dependencies
Result: NOTE
Package suggested but not available for checking: 'doMC'
Flavor: r-oldrel-windows-x86_64