Last updated on 2025-10-31 09:50:11 CET.
| Flavor | Version | Tinstall | Tcheck | Ttotal | Status | Flags | 
|---|---|---|---|---|---|---|
| r-devel-linux-x86_64-debian-clang | 2.9.9 | 82.72 | 149.33 | 232.05 | NOTE | |
| r-devel-linux-x86_64-debian-gcc | 2.9.9 | 54.11 | 106.47 | 160.58 | NOTE | |
| r-devel-linux-x86_64-fedora-clang | 2.9.9 | 211.00 | 209.15 | 420.15 | OK | |
| r-devel-linux-x86_64-fedora-gcc | 2.9.9 | 168.00 | 220.96 | 388.96 | OK | |
| r-devel-windows-x86_64 | 2.9.9 | 100.00 | 175.00 | 275.00 | OK | |
| r-patched-linux-x86_64 | 2.9.9 | 83.81 | 139.33 | 223.14 | NOTE | |
| r-release-linux-x86_64 | 2.9.9 | 83.27 | 140.16 | 223.43 | NOTE | |
| r-release-macos-arm64 | 2.9.9 | 41.00 | 83.00 | 124.00 | OK | |
| r-release-macos-x86_64 | 2.9.9 | 41.00 | 129.00 | 170.00 | OK | |
| r-release-windows-x86_64 | 2.9.9 | 103.00 | 180.00 | 283.00 | OK | |
| r-oldrel-macos-arm64 | 2.9.9 | 46.00 | 79.00 | 125.00 | NOTE | |
| r-oldrel-macos-x86_64 | 2.9.9 | 53.00 | 160.00 | 213.00 | NOTE | |
| r-oldrel-windows-x86_64 | 2.9.9 | 117.00 | 210.00 | 327.00 | NOTE | 
Version: 2.9.9
Check: for unstated dependencies in ‘demo’
Result: NOTE
  'library' or 'require' calls not declared from:
    ‘rpart’ ‘rpart.plot’
Flavors: r-devel-linux-x86_64-debian-clang, r-devel-linux-x86_64-debian-gcc, r-patched-linux-x86_64, r-release-linux-x86_64
Version: 2.9.9
Check: installed package size
Result: NOTE
    installed size is  8.1Mb
    sub-directories of 1Mb or more:
      data   3.1Mb
      libs   3.4Mb
Flavors: r-oldrel-macos-arm64, r-oldrel-macos-x86_64, r-oldrel-windows-x86_64