Last updated on 2025-10-31 09:50:34 CET.
| Flavor | Version | Tinstall | Tcheck | Ttotal | Status | Flags | 
|---|---|---|---|---|---|---|
| r-devel-linux-x86_64-debian-clang | 0.1.0 | 2.41 | 33.61 | 36.02 | NOTE | |
| r-devel-linux-x86_64-debian-gcc | 0.1.0 | 2.09 | 27.25 | 29.34 | NOTE | |
| r-devel-linux-x86_64-fedora-clang | 0.1.0 | 53.58 | NOTE | |||
| r-devel-linux-x86_64-fedora-gcc | 0.1.0 | 51.57 | NOTE | |||
| r-devel-windows-x86_64 | 0.1.0 | 6.00 | 50.00 | 56.00 | OK | |
| r-patched-linux-x86_64 | 0.1.0 | 2.58 | 31.06 | 33.64 | OK | |
| r-release-linux-x86_64 | 0.1.0 | 2.17 | 31.34 | 33.51 | OK | |
| r-release-macos-arm64 | 0.1.0 | 2.00 | 19.00 | 21.00 | OK | |
| r-release-macos-x86_64 | 0.1.0 | 3.00 | 33.00 | 36.00 | OK | |
| r-release-windows-x86_64 | 0.1.0 | 6.00 | 52.00 | 58.00 | OK | |
| r-oldrel-macos-arm64 | 0.1.0 | 2.00 | 19.00 | 21.00 | NOTE | |
| r-oldrel-macos-x86_64 | 0.1.0 | 3.00 | 27.00 | 30.00 | NOTE | |
| r-oldrel-windows-x86_64 | 0.1.0 | 6.00 | 61.00 | 67.00 | NOTE | 
Version: 0.1.0
Check: CRAN incoming feasibility
Result: NOTE
  Maintainer: ‘Vincent Guyader <vincent@thinkr.fr>’
  
  No Authors@R field in DESCRIPTION.
  Please add one, modifying
    Authors@R: person(given = "Vincent",
                      family = "Guyader",
                      role = c("aut", "cre"),
                      email = "vincent@thinkr.fr")
  as necessary.
Flavors: r-devel-linux-x86_64-debian-clang, r-devel-linux-x86_64-debian-gcc
Version: 0.1.0
Check: dependencies in R code
Result: NOTE
  Namespaces in Imports field not imported from:
    ‘dplyr’ ‘ggplot2’ ‘lubridate’
    All declared Imports should be used.
Flavors: r-devel-linux-x86_64-fedora-clang, r-devel-linux-x86_64-fedora-gcc
Version: 0.1.0
Check: LazyData
Result: NOTE
    'LazyData' is specified without a 'data' directory
Flavors: r-oldrel-macos-arm64, r-oldrel-macos-x86_64, r-oldrel-windows-x86_64