Last updated on 2025-11-19 10:49:04 CET.
| Flavor | Version | Tinstall | Tcheck | Ttotal | Status | Flags |
|---|---|---|---|---|---|---|
| r-devel-linux-x86_64-debian-clang | 2.0-5 | 2.38 | 39.82 | 42.20 | OK | |
| r-devel-linux-x86_64-debian-gcc | 2.0-5 | 1.93 | 29.25 | 31.18 | OK | |
| r-devel-linux-x86_64-fedora-clang | 2.0-5 | 64.50 | OK | |||
| r-devel-linux-x86_64-fedora-gcc | 2.0-5 | 60.46 | OK | |||
| r-devel-windows-x86_64 | 2.0-5 | 5.00 | 56.00 | 61.00 | OK | |
| r-patched-linux-x86_64 | 2.0-5 | 3.54 | 37.38 | 40.92 | OK | |
| r-release-linux-x86_64 | 2.0-5 | 3.04 | 36.97 | 40.01 | OK | |
| r-release-macos-arm64 | 2.0-5 | 2.00 | 19.00 | 21.00 | OK | |
| r-release-macos-x86_64 | 2.0-5 | 4.00 | 36.00 | 40.00 | OK | |
| r-release-windows-x86_64 | 2.0-5 | 5.00 | 55.00 | 60.00 | OK | |
| r-oldrel-macos-arm64 | 2.0-5 | 1.00 | 23.00 | 24.00 | OK | |
| r-oldrel-macos-x86_64 | 2.0-5 | 2.00 | 55.00 | 57.00 | OK | |
| r-oldrel-windows-x86_64 | 2.0-5 | 5.00 | 52.00 | 57.00 | NOTE |
Version: 2.0-5
Check: package dependencies
Result: NOTE
Package suggested but not available for checking: 'MBESS'
Flavor: r-oldrel-windows-x86_64