Last updated on 2025-10-31 09:50:34 CET.
| Flavor | Version | Tinstall | Tcheck | Ttotal | Status | Flags | 
|---|---|---|---|---|---|---|
| r-devel-linux-x86_64-debian-clang | 1.0.3 | 13.79 | 328.26 | 342.05 | OK | |
| r-devel-linux-x86_64-debian-gcc | 1.0.3 | 9.55 | 208.40 | 217.95 | OK | |
| r-devel-linux-x86_64-fedora-clang | 1.0.3 | 58.00 | 481.35 | 539.35 | OK | |
| r-devel-linux-x86_64-fedora-gcc | 1.0.3 | 53.00 | 485.93 | 538.93 | OK | |
| r-devel-windows-x86_64 | 1.0.3 | 16.00 | 279.00 | 295.00 | OK | |
| r-patched-linux-x86_64 | 1.0.3 | 13.03 | 312.77 | 325.80 | OK | |
| r-release-linux-x86_64 | 1.0.3 | 13.16 | 314.28 | 327.44 | OK | |
| r-release-macos-arm64 | 1.0.3 | 7.00 | 164.00 | 171.00 | OK | |
| r-release-macos-x86_64 | 1.0.3 | 15.00 | 288.00 | 303.00 | OK | |
| r-release-windows-x86_64 | 1.0.3 | 18.00 | 280.00 | 298.00 | OK | |
| r-oldrel-macos-arm64 | 1.0.3 | 6.00 | 136.00 | 142.00 | NOTE | |
| r-oldrel-macos-x86_64 | 1.0.3 | 11.00 | 292.00 | 303.00 | NOTE | |
| r-oldrel-windows-x86_64 | 1.0.3 | 22.00 | 382.00 | 404.00 | OK | 
Version: 1.0.3
Check: package dependencies
Result: NOTE
  Package suggested but not available for checking: ‘INLA’
Flavors: r-oldrel-macos-arm64, r-oldrel-macos-x86_64
Version: 1.0.3
Check: Rd cross-references
Result: NOTE
  Package unavailable to check Rd xrefs: ‘INLA’
Flavors: r-oldrel-macos-arm64, r-oldrel-macos-x86_64