CRAN Package Check Results for Package valueEQ5D

Last updated on 2025-11-02 11:50:40 CET.

Flavor Version Tinstall Tcheck Ttotal Status Flags
r-devel-linux-x86_64-debian-clang 0.7.2 3.47 66.45 69.92 OK
r-devel-linux-x86_64-debian-gcc 0.7.2 2.26 45.47 47.73 OK
r-devel-linux-x86_64-fedora-clang 0.7.2 108.88 NOTE
r-devel-linux-x86_64-fedora-gcc 0.7.2 120.16 NOTE
r-devel-windows-x86_64 0.7.2 7.00 84.00 91.00 OK
r-patched-linux-x86_64 0.7.2 3.62 63.20 66.82 OK
r-release-linux-x86_64 0.7.2 2.90 63.51 66.41 OK
r-release-macos-arm64 0.7.2 3.00 66.00 69.00 OK
r-release-macos-x86_64 0.7.2 3.00 71.00 74.00 OK
r-release-windows-x86_64 0.7.2 6.00 83.00 89.00 OK
r-oldrel-macos-arm64 0.7.2 2.00 38.00 40.00 OK
r-oldrel-macos-x86_64 0.7.2 2.00 50.00 52.00 OK
r-oldrel-windows-x86_64 0.7.2 8.00 106.00 114.00 OK

Check Details

Version: 0.7.2
Check: dependencies in R code
Result: NOTE Namespace in Imports field not imported from: ‘testthat’ All declared Imports should be used. Flavors: r-devel-linux-x86_64-fedora-clang, r-devel-linux-x86_64-fedora-gcc