Last updated on 2025-10-31 09:50:34 CET.
| Flavor | Version | Tinstall | Tcheck | Ttotal | Status | Flags | 
|---|---|---|---|---|---|---|
| r-devel-linux-x86_64-debian-clang | 1.4.6 | 5.90 | 72.37 | 78.27 | NOTE | |
| r-devel-linux-x86_64-debian-gcc | 1.4.6 | 4.15 | 49.94 | 54.09 | NOTE | |
| r-devel-linux-x86_64-fedora-clang | 1.4.6 | 14.00 | 102.12 | 116.12 | NOTE | |
| r-devel-linux-x86_64-fedora-gcc | 1.4.6 | 30.00 | 90.38 | 120.38 | NOTE | |
| r-devel-windows-x86_64 | 1.4.6 | 8.00 | 102.00 | 110.00 | OK | |
| r-patched-linux-x86_64 | 1.4.6 | 9.46 | 69.46 | 78.92 | OK | |
| r-release-linux-x86_64 | 1.4.6 | 6.13 | 67.92 | 74.05 | OK | |
| r-release-macos-arm64 | 1.4.6 | 3.00 | 28.00 | 31.00 | OK | |
| r-release-macos-x86_64 | 1.4.6 | 5.00 | 57.00 | 62.00 | OK | |
| r-release-windows-x86_64 | 1.4.6 | 9.00 | 107.00 | 116.00 | OK | |
| r-oldrel-macos-arm64 | 1.4.6 | 3.00 | 26.00 | 29.00 | OK | |
| r-oldrel-macos-x86_64 | 1.4.6 | 5.00 | 41.00 | 46.00 | OK | |
| r-oldrel-windows-x86_64 | 1.4.6 | 9.00 | 99.00 | 108.00 | OK | 
Version: 1.4.6
Check: CRAN incoming feasibility
Result: NOTE
  Maintainer: ‘Peter Reichert <peter.reichert@emeriti.eawag.ch>’
  
  No Authors@R field in DESCRIPTION.
  Please add one, modifying
    Authors@R: c(person(given = c("Peter", "Reichert", "with", "contributions", "by", "Nele", "Schuwirth"),
                        family = "<nele.schuwirth@eawag.ch>",
                        role = "aut",
                        email = "nele.schuwirth@eawag.ch"),
                 person(given = "Peter",
                        family = "Reichert",
                        role = "cre",
                        email = "peter.reichert@emeriti.eawag.ch"))
  as necessary.
  
  Found the following \keyword or \concept entries
  which likely give several index terms:
    File ‘utility-package.Rd’:
      \keyword{decision analysis; objectives hierarchy;  [TRUNCATED]
Flavors: r-devel-linux-x86_64-debian-clang, r-devel-linux-x86_64-debian-gcc
Version: 1.4.6
Check: Rd files
Result: NOTE
  checkRd: (-1) utility.aggregate.add.Rd:38: height/width attributes should be in pixels
  checkRd: (-1) utility.aggregate.addmin.Rd:47: height/width attributes should be in pixels
  checkRd: (-1) utility.aggregate.addpower.Rd:36: height/width attributes should be in pixels
  checkRd: (-1) utility.aggregate.addsplitpower.Rd:39: height/width attributes should be in pixels
  checkRd: (-1) utility.aggregate.bonusmalus.Rd:53: height/width attributes should be in pixels
  checkRd: (-1) utility.aggregate.cobbdouglas.Rd:37: height/width attributes should be in pixels
  checkRd: (-1) utility.aggregate.geo.Rd:37: height/width attributes should be in pixels
  checkRd: (-1) utility.aggregate.geooff.Rd:41: height/width attributes should be in pixels
  checkRd: (-1) utility.aggregate.harmo.Rd:37: height/width attributes should be in pixels
  checkRd: (-1) utility.aggregate.harmooff.Rd:41: height/width attributes should be in pixels
  checkRd: (-1) utility.aggregate.max.Rd:31: height/width attributes should be in pixels
  checkRd: (-1) utility.aggregate.min.Rd:31: height/width attributes should be in pixels
  checkRd: (-1) utility.aggregate.mix.Rd:42: height/width attributes should be in pixels
  checkRd: (-1) utility.aggregate.mult.Rd:36: height/width attributes should be in pixels
  checkRd: (-1) utility.aggregate.revaddpower.Rd:36: height/width attributes should be in pixels
  checkRd: (-1) utility.aggregate.revaddsplitpower.Rd:39: height/width attributes should be in pixels
  checkRd: (-1) utility.aggregate.revgeo.Rd:38: height/width attributes should be in pixels
  checkRd: (-1) utility.aggregate.revgeooff.Rd:39: height/width attributes should be in pixels
  checkRd: (-1) utility.aggregate.revharmo.Rd:38: height/width attributes should be in pixels
  checkRd: (-1) utility.aggregate.revharmooff.Rd:39: height/width attributes should be in pixels
Flavors: r-devel-linux-x86_64-debian-clang, r-devel-linux-x86_64-debian-gcc, r-devel-linux-x86_64-fedora-clang, r-devel-linux-x86_64-fedora-gcc