Last updated on 2025-10-31 09:50:33 CET.
| Flavor | Version | Tinstall | Tcheck | Ttotal | Status | Flags | 
|---|---|---|---|---|---|---|
| r-devel-linux-x86_64-debian-clang | 1.0.0 | 1.57 | 20.16 | 21.73 | OK | |
| r-devel-linux-x86_64-debian-gcc | 1.0.0 | 1.39 | 17.00 | 18.39 | OK | |
| r-devel-linux-x86_64-fedora-clang | 1.0.0 | 30.39 | OK | |||
| r-devel-linux-x86_64-fedora-gcc | 1.0.0 | 29.09 | OK | |||
| r-devel-windows-x86_64 | 1.0.0 | 2.00 | 35.00 | 37.00 | OK | |
| r-patched-linux-x86_64 | 1.0.0 | 1.65 | 18.17 | 19.82 | OK | |
| r-release-linux-x86_64 | 1.0.0 | 1.42 | 18.07 | 19.49 | OK | |
| r-release-macos-arm64 | 1.0.0 | 1.00 | 13.00 | 14.00 | OK | |
| r-release-macos-x86_64 | 1.0.0 | 2.00 | 19.00 | 21.00 | OK | |
| r-release-windows-x86_64 | 1.0.0 | 2.00 | 37.00 | 39.00 | OK | |
| r-oldrel-macos-arm64 | 1.0.0 | 1.00 | 12.00 | 13.00 | NOTE | |
| r-oldrel-macos-x86_64 | 1.0.0 | 1.00 | 19.00 | 20.00 | NOTE | |
| r-oldrel-windows-x86_64 | 1.0.0 | 3.00 | 34.00 | 37.00 | NOTE | 
Version: 1.0.0
Check: LazyData
Result: NOTE
    'LazyData' is specified without a 'data' directory
Flavors: r-oldrel-macos-arm64, r-oldrel-macos-x86_64, r-oldrel-windows-x86_64