CRAN Package Check Results for Package twilio

Last updated on 2025-11-22 09:50:09 CET.

Flavor Version Tinstall Tcheck Ttotal Status Flags
r-devel-linux-x86_64-debian-clang 0.1.0 3.60 36.37 39.97 OK
r-devel-linux-x86_64-debian-gcc 0.1.0 3.13 29.21 32.34 OK
r-devel-linux-x86_64-fedora-clang 0.1.0 59.27 OK
r-devel-linux-x86_64-fedora-gcc 0.1.0 56.57 OK
r-devel-windows-x86_64 0.1.0 10.00 50.00 60.00 OK
r-patched-linux-x86_64 0.1.0 4.13 33.61 37.74 OK
r-release-linux-x86_64 0.1.0 3.29 33.56 36.85 OK
r-release-macos-arm64 0.1.0 OK
r-release-macos-x86_64 0.1.0 3.00 35.00 38.00 OK
r-release-windows-x86_64 0.1.0 5.00 49.00 54.00 OK
r-oldrel-macos-arm64 0.1.0 NOTE
r-oldrel-macos-x86_64 0.1.0 3.00 27.00 30.00 NOTE
r-oldrel-windows-x86_64 0.1.0 6.00 59.00 65.00 NOTE

Check Details

Version: 0.1.0
Check: LazyData
Result: NOTE 'LazyData' is specified without a 'data' directory Flavors: r-oldrel-macos-arm64, r-oldrel-macos-x86_64, r-oldrel-windows-x86_64