Last updated on 2025-10-22 09:50:57 CEST.
Flavor | Version | Tinstall | Tcheck | Ttotal | Status | Flags |
---|---|---|---|---|---|---|
r-devel-linux-x86_64-debian-clang | 0.3.9 | 9.00 | 338.35 | 347.35 | NOTE | |
r-devel-linux-x86_64-debian-gcc | 0.3.9 | 6.01 | 231.41 | 237.42 | NOTE | |
r-devel-linux-x86_64-fedora-clang | 0.3.9 | 51.00 | 482.65 | 533.65 | OK | |
r-devel-linux-x86_64-fedora-gcc | 0.3.9 | 22.00 | 535.47 | 557.47 | OK | |
r-devel-windows-x86_64 | 0.3.9 | 12.00 | 505.00 | 517.00 | OK | |
r-patched-linux-x86_64 | 0.3.9 | 11.02 | 332.26 | 343.28 | OK | |
r-release-linux-x86_64 | 0.3.9 | 9.70 | 330.73 | 340.43 | OK | |
r-release-macos-arm64 | 0.3.9 | 6.00 | 252.00 | 258.00 | OK | |
r-release-macos-x86_64 | 0.3.9 | 9.00 | 341.00 | 350.00 | OK | |
r-release-windows-x86_64 | 0.3.9 | 14.00 | 520.00 | 534.00 | OK | |
r-oldrel-macos-arm64 | 0.3.9 | 4.00 | 153.00 | 157.00 | OK | |
r-oldrel-macos-x86_64 | 0.3.9 | 8.00 | 250.00 | 258.00 | OK | |
r-oldrel-windows-x86_64 | 0.3.9 | 16.00 | 622.00 | 638.00 | OK |
Version: 0.3.9
Check: HTML version of manual
Result: NOTE
Found the following HTML validation problems:
predict_empirical.html:69:1 (predict_empirical.Rd:23): Warning: missing </ul> before </div>
Flavors: r-devel-linux-x86_64-debian-clang, r-devel-linux-x86_64-debian-gcc