CRAN Package Check Results for Package tsSelect

Last updated on 2025-11-25 11:52:09 CET.

Flavor Version Tinstall Tcheck Ttotal Status Flags
r-devel-linux-x86_64-debian-clang 0.1.8 6.76 74.73 81.49 NOTE
r-devel-linux-x86_64-debian-gcc 0.1.8 5.52 53.70 59.22 NOTE
r-devel-linux-x86_64-fedora-clang 0.1.8 19.00 106.32 125.32 OK
r-devel-linux-x86_64-fedora-gcc 0.1.8 16.00 103.19 119.19 OK
r-devel-windows-x86_64 0.1.8 13.00 79.00 92.00 OK
r-patched-linux-x86_64 0.1.8 6.29 70.20 76.49 OK
r-release-linux-x86_64 0.1.8 8.15 69.49 77.64 OK
r-release-macos-arm64 0.1.8 OK
r-release-macos-x86_64 0.1.8 6.00 55.00 61.00 OK
r-release-windows-x86_64 0.1.8 10.00 87.00 97.00 OK
r-oldrel-macos-arm64 0.1.8 OK
r-oldrel-macos-x86_64 0.1.8 5.00 41.00 46.00 OK
r-oldrel-windows-x86_64 0.1.8 12.00 99.00 111.00 OK

Check Details

Version: 0.1.8
Check: CRAN incoming feasibility
Result: NOTE Maintainer: ‘Avi Blinder <aviblinder@gmail.com>’ No Authors@R field in DESCRIPTION. Please add one, modifying Authors@R: person(given = "Avi", family = "Blinder", role = c("aut", "cre"), email = "aviblinder@gmail.com") as necessary. Flavors: r-devel-linux-x86_64-debian-clang, r-devel-linux-x86_64-debian-gcc