Last updated on 2025-10-31 09:50:33 CET.
| Flavor | Version | Tinstall | Tcheck | Ttotal | Status | Flags | 
|---|---|---|---|---|---|---|
| r-devel-linux-x86_64-debian-clang | 0.3.0 | 14.13 | 40.89 | 55.02 | NOTE | |
| r-devel-linux-x86_64-debian-gcc | 0.3.0 | 12.01 | 33.24 | 45.25 | NOTE | |
| r-devel-linux-x86_64-fedora-clang | 0.3.0 | 34.00 | 60.21 | 94.21 | OK | |
| r-devel-linux-x86_64-fedora-gcc | 0.3.0 | 24.00 | 80.88 | 104.88 | OK | |
| r-devel-windows-x86_64 | 0.3.0 | 23.00 | 76.00 | 99.00 | OK | |
| r-patched-linux-x86_64 | 0.3.0 | 16.56 | 38.13 | 54.69 | OK | |
| r-release-linux-x86_64 | 0.3.0 | 15.32 | 38.25 | 53.57 | OK | |
| r-release-macos-arm64 | 0.3.0 | 8.00 | 40.00 | 48.00 | OK | |
| r-release-macos-x86_64 | 0.3.0 | 9.00 | 54.00 | 63.00 | OK | |
| r-release-windows-x86_64 | 0.3.0 | 25.00 | 78.00 | 103.00 | OK | |
| r-oldrel-macos-arm64 | 0.3.0 | 8.00 | 29.00 | 37.00 | OK | |
| r-oldrel-macos-x86_64 | 0.3.0 | 10.00 | 49.00 | 59.00 | OK | |
| r-oldrel-windows-x86_64 | 0.3.0 | 20.00 | 93.00 | 113.00 | OK | 
Version: 0.3.0
Check: CRAN incoming feasibility
Result: NOTE
  Maintainer: ‘Lincoln Mullen <lincoln@lincolnmullen.com>’
  
  Package CITATION file contains call(s) to old-style personList() or
  as.personList().  Please use c() on person objects instead.
  Package CITATION file contains call(s) to old-style citEntry().  Please
  use bibentry() instead.
Flavors: r-devel-linux-x86_64-debian-clang, r-devel-linux-x86_64-debian-gcc