Last updated on 2024-05-09 10:50:09 CEST.
Flavor | Version | Tinstall | Tcheck | Ttotal | Status | Flags |
---|---|---|---|---|---|---|
r-devel-linux-x86_64-debian-clang | 1.0-2 | 3.08 | 18.20 | 21.28 | OK | |
r-devel-linux-x86_64-debian-gcc | 1.0-2 | 2.28 | 15.82 | 18.10 | OK | |
r-devel-linux-x86_64-fedora-clang | 1.0-2 | 29.74 | NOTE | |||
r-devel-linux-x86_64-fedora-gcc | 1.0-2 | 31.54 | NOTE | |||
r-devel-windows-x86_64 | 1.0-2 | 6.00 | 43.00 | 49.00 | OK | |
r-patched-linux-x86_64 | 1.0-2 | 2.93 | 19.26 | 22.19 | OK | |
r-release-linux-x86_64 | 1.0-2 | 2.13 | 12.08 | 14.21 | OK | |
r-release-macos-arm64 | 1.0-2 | 18.00 | OK | |||
r-release-windows-x86_64 | 1.0-2 | 5.00 | 43.00 | 48.00 | OK | |
r-oldrel-macos-arm64 | 1.0-2 | 17.00 | OK | |||
r-oldrel-macos-x86_64 | 1.0-2 | 22.00 | OK | |||
r-oldrel-windows-x86_64 | 1.0-2 | 6.00 | 43.00 | 49.00 | OK |
Version: 1.0-2
Check: compiled code
Result: NOTE
File ‘tmvnsim/libs/tmvnsim.so’:
Found no calls to: ‘R_registerRoutines’, ‘R_useDynamicSymbols’
It is good practice to register native routines and to disable symbol
search.
See ‘Writing portable packages’ in the ‘Writing R Extensions’ manual.
Flavors: r-devel-linux-x86_64-fedora-clang, r-devel-linux-x86_64-fedora-gcc