Last updated on 2025-10-31 09:50:33 CET.
| Flavor | Version | Tinstall | Tcheck | Ttotal | Status | Flags | 
|---|---|---|---|---|---|---|
| r-devel-linux-x86_64-debian-clang | 0.1.3 | 15.63 | 163.13 | 178.76 | ERROR | |
| r-devel-linux-x86_64-debian-gcc | 0.1.3 | 9.90 | 114.66 | 124.56 | ERROR | |
| r-devel-linux-x86_64-fedora-clang | 0.1.3 | 34.00 | 244.57 | 278.57 | ERROR | |
| r-devel-linux-x86_64-fedora-gcc | 0.1.3 | 33.00 | 236.30 | 269.30 | ERROR | |
| r-devel-windows-x86_64 | 0.1.3 | 17.00 | 172.00 | 189.00 | ERROR | |
| r-patched-linux-x86_64 | 0.1.3 | 14.17 | 154.91 | 169.08 | ERROR | |
| r-release-linux-x86_64 | 0.1.3 | 14.04 | 150.80 | 164.84 | ERROR | |
| r-release-macos-arm64 | 0.1.3 | 6.00 | 64.00 | 70.00 | OK | |
| r-release-macos-x86_64 | 0.1.3 | 11.00 | 128.00 | 139.00 | OK | |
| r-release-windows-x86_64 | 0.1.3 | 16.00 | 183.00 | 199.00 | ERROR | |
| r-oldrel-macos-arm64 | 0.1.3 | 6.00 | 65.00 | 71.00 | OK | |
| r-oldrel-macos-x86_64 | 0.1.3 | 9.00 | 98.00 | 107.00 | OK | |
| r-oldrel-windows-x86_64 | 0.1.3 | 22.00 | 212.00 | 234.00 | ERROR | 
Version: 0.1.3
Check: tests
Result: ERROR
    Running ‘testthat.R’ [45s/52s]
  Running the tests in ‘tests/testthat.R’ failed.
  Complete output:
    > library(testthat)
    > library(EdSurvey)
    Loading required package: car
    Loading required package: carData
    Loading required package: lfactors
    lfactors v1.0.4
    
    Loading required package: Dire
    Dire v2.2.0
    
    EdSurvey v4.0.7
    
    > library(tidyEdSurvey)
    tidyEdSurvey v0.1.3
    A package for using 'dplyr' and 'ggplot2' with student level data in an edsurvey.data.frame. To work with teacher or school level data, see ?EdSurvey::getData
    
    Attaching package: 'tidyEdSurvey'
    
    The following object is masked from 'package:base':
    
        attach
    
    > test_check('tidyEdSurvey')
    [ FAIL 2 | WARN 0 | SKIP 1 | PASS 10 ]
    
    ══ Skipped tests (1) ═══════════════════════════════════════════════════════════
    • On CRAN (1): 'test-dplyr-TIMSS.R:1:1'
    
    ══ Failed tests ════════════════════════════════════════════════════════════════
    ── Failure ('test-ggplot.R:13:3'): density plot with facets and PVs ────────────
    class(p) not equal to c("gg", "ggplot").
    Lengths differ: 5 is not 2
    ── Failure ('test-ggplot.R:21:3'): boxplot with facets and PVs ─────────────────
    class(p) not equal to c("gg", "ggplot").
    Lengths differ: 5 is not 2
    
    [ FAIL 2 | WARN 0 | SKIP 1 | PASS 10 ]
    Error: Test failures
    Execution halted
Flavor: r-devel-linux-x86_64-debian-clang
Version: 0.1.3
Check: tests
Result: ERROR
    Running ‘testthat.R’ [33s/39s]
  Running the tests in ‘tests/testthat.R’ failed.
  Complete output:
    > library(testthat)
    > library(EdSurvey)
    Loading required package: car
    Loading required package: carData
    Loading required package: lfactors
    lfactors v1.0.4
    
    Loading required package: Dire
    Dire v2.2.0
    
    EdSurvey v4.0.7
    
    > library(tidyEdSurvey)
    tidyEdSurvey v0.1.3
    A package for using 'dplyr' and 'ggplot2' with student level data in an edsurvey.data.frame. To work with teacher or school level data, see ?EdSurvey::getData
    
    Attaching package: 'tidyEdSurvey'
    
    The following object is masked from 'package:base':
    
        attach
    
    > test_check('tidyEdSurvey')
    [ FAIL 2 | WARN 0 | SKIP 1 | PASS 10 ]
    
    ══ Skipped tests (1) ═══════════════════════════════════════════════════════════
    • On CRAN (1): 'test-dplyr-TIMSS.R:1:1'
    
    ══ Failed tests ════════════════════════════════════════════════════════════════
    ── Failure ('test-ggplot.R:13:3'): density plot with facets and PVs ────────────
    class(p) not equal to c("gg", "ggplot").
    Lengths differ: 5 is not 2
    ── Failure ('test-ggplot.R:21:3'): boxplot with facets and PVs ─────────────────
    class(p) not equal to c("gg", "ggplot").
    Lengths differ: 5 is not 2
    
    [ FAIL 2 | WARN 0 | SKIP 1 | PASS 10 ]
    Error: Test failures
    Execution halted
Flavor: r-devel-linux-x86_64-debian-gcc
Version: 0.1.3
Check: tests
Result: ERROR
    Running ‘testthat.R’ [73s/92s]
  Running the tests in ‘tests/testthat.R’ failed.
  Complete output:
    > library(testthat)
    > library(EdSurvey)
    Loading required package: car
    Loading required package: carData
    Loading required package: lfactors
    lfactors v1.0.4
    
    Loading required package: Dire
    Dire v2.2.0
    
    EdSurvey v4.0.7
    
    > library(tidyEdSurvey)
    tidyEdSurvey v0.1.3
    A package for using 'dplyr' and 'ggplot2' with student level data in an edsurvey.data.frame. To work with teacher or school level data, see ?EdSurvey::getData
    
    Attaching package: 'tidyEdSurvey'
    
    The following object is masked from 'package:base':
    
        attach
    
    > test_check('tidyEdSurvey')
    [ FAIL 2 | WARN 0 | SKIP 1 | PASS 10 ]
    
    ══ Skipped tests (1) ═══════════════════════════════════════════════════════════
    • On CRAN (1): 'test-dplyr-TIMSS.R:1:1'
    
    ══ Failed tests ════════════════════════════════════════════════════════════════
    ── Failure ('test-ggplot.R:13:3'): density plot with facets and PVs ────────────
    class(p) not equal to c("gg", "ggplot").
    Lengths differ: 5 is not 2
    ── Failure ('test-ggplot.R:21:3'): boxplot with facets and PVs ─────────────────
    class(p) not equal to c("gg", "ggplot").
    Lengths differ: 5 is not 2
    
    [ FAIL 2 | WARN 0 | SKIP 1 | PASS 10 ]
    Error: Test failures
    Execution halted
Flavor: r-devel-linux-x86_64-fedora-clang
Version: 0.1.3
Check: tests
Result: ERROR
    Running ‘testthat.R’ [79s/96s]
  Running the tests in ‘tests/testthat.R’ failed.
  Complete output:
    > library(testthat)
    > library(EdSurvey)
    Loading required package: car
    Loading required package: carData
    Loading required package: lfactors
    lfactors v1.0.4
    
    Loading required package: Dire
    Dire v2.2.0
    
    EdSurvey v4.0.7
    
    > library(tidyEdSurvey)
    tidyEdSurvey v0.1.3
    A package for using 'dplyr' and 'ggplot2' with student level data in an edsurvey.data.frame. To work with teacher or school level data, see ?EdSurvey::getData
    
    Attaching package: 'tidyEdSurvey'
    
    The following object is masked from 'package:base':
    
        attach
    
    > test_check('tidyEdSurvey')
    [ FAIL 2 | WARN 0 | SKIP 1 | PASS 10 ]
    
    ══ Skipped tests (1) ═══════════════════════════════════════════════════════════
    • On CRAN (1): 'test-dplyr-TIMSS.R:1:1'
    
    ══ Failed tests ════════════════════════════════════════════════════════════════
    ── Failure ('test-ggplot.R:13:3'): density plot with facets and PVs ────────────
    class(p) not equal to c("gg", "ggplot").
    Lengths differ: 5 is not 2
    ── Failure ('test-ggplot.R:21:3'): boxplot with facets and PVs ─────────────────
    class(p) not equal to c("gg", "ggplot").
    Lengths differ: 5 is not 2
    
    [ FAIL 2 | WARN 0 | SKIP 1 | PASS 10 ]
    Error: Test failures
    Execution halted
Flavor: r-devel-linux-x86_64-fedora-gcc
Version: 0.1.3
Check: tests
Result: ERROR
    Running 'testthat.R' [58s]
  Running the tests in 'tests/testthat.R' failed.
  Complete output:
    > library(testthat)
    > library(EdSurvey)
    Loading required package: car
    Loading required package: carData
    Loading required package: lfactors
    lfactors v1.0.4
    
    Loading required package: Dire
    Dire v2.2.0
    
    EdSurvey v4.0.7
    
    > library(tidyEdSurvey)
    tidyEdSurvey v0.1.3
    A package for using 'dplyr' and 'ggplot2' with student level data in an edsurvey.data.frame. To work with teacher or school level data, see ?EdSurvey::getData
    
    Attaching package: 'tidyEdSurvey'
    
    The following object is masked from 'package:base':
    
        attach
    
    > test_check('tidyEdSurvey')
    [ FAIL 2 | WARN 0 | SKIP 1 | PASS 10 ]
    
    ══ Skipped tests (1) ═══════════════════════════════════════════════════════════
    • On CRAN (1): 'test-dplyr-TIMSS.R:1:1'
    
    ══ Failed tests ════════════════════════════════════════════════════════════════
    ── Failure ('test-ggplot.R:13:3'): density plot with facets and PVs ────────────
    class(p) not equal to c("gg", "ggplot").
    Lengths differ: 5 is not 2
    ── Failure ('test-ggplot.R:21:3'): boxplot with facets and PVs ─────────────────
    class(p) not equal to c("gg", "ggplot").
    Lengths differ: 5 is not 2
    
    [ FAIL 2 | WARN 0 | SKIP 1 | PASS 10 ]
    Error: Test failures
    Execution halted
Flavor: r-devel-windows-x86_64
Version: 0.1.3
Check: tests
Result: ERROR
    Running ‘testthat.R’ [45s/56s]
  Running the tests in ‘tests/testthat.R’ failed.
  Complete output:
    > library(testthat)
    > library(EdSurvey)
    Loading required package: car
    Loading required package: carData
    Loading required package: lfactors
    lfactors v1.0.4
    
    Loading required package: Dire
    Dire v2.2.0
    
    EdSurvey v4.0.7
    
    > library(tidyEdSurvey)
    tidyEdSurvey v0.1.3
    A package for using 'dplyr' and 'ggplot2' with student level data in an edsurvey.data.frame. To work with teacher or school level data, see ?EdSurvey::getData
    
    Attaching package: 'tidyEdSurvey'
    
    The following object is masked from 'package:base':
    
        attach
    
    > test_check('tidyEdSurvey')
    [ FAIL 2 | WARN 0 | SKIP 1 | PASS 10 ]
    
    ══ Skipped tests (1) ═══════════════════════════════════════════════════════════
    • On CRAN (1): 'test-dplyr-TIMSS.R:1:1'
    
    ══ Failed tests ════════════════════════════════════════════════════════════════
    ── Failure ('test-ggplot.R:13:3'): density plot with facets and PVs ────────────
    class(p) not equal to c("gg", "ggplot").
    Lengths differ: 5 is not 2
    ── Failure ('test-ggplot.R:21:3'): boxplot with facets and PVs ─────────────────
    class(p) not equal to c("gg", "ggplot").
    Lengths differ: 5 is not 2
    
    [ FAIL 2 | WARN 0 | SKIP 1 | PASS 10 ]
    Error: Test failures
    Execution halted
Flavor: r-patched-linux-x86_64
Version: 0.1.3
Check: tests
Result: ERROR
    Running ‘testthat.R’ [42s/53s]
  Running the tests in ‘tests/testthat.R’ failed.
  Complete output:
    > library(testthat)
    > library(EdSurvey)
    Loading required package: car
    Loading required package: carData
    Loading required package: lfactors
    lfactors v1.0.4
    
    Loading required package: Dire
    Dire v2.2.0
    
    EdSurvey v4.0.7
    
    > library(tidyEdSurvey)
    tidyEdSurvey v0.1.3
    A package for using 'dplyr' and 'ggplot2' with student level data in an edsurvey.data.frame. To work with teacher or school level data, see ?EdSurvey::getData
    
    Attaching package: 'tidyEdSurvey'
    
    The following object is masked from 'package:base':
    
        attach
    
    > test_check('tidyEdSurvey')
    [ FAIL 2 | WARN 0 | SKIP 1 | PASS 10 ]
    
    ══ Skipped tests (1) ═══════════════════════════════════════════════════════════
    • On CRAN (1): 'test-dplyr-TIMSS.R:1:1'
    
    ══ Failed tests ════════════════════════════════════════════════════════════════
    ── Failure ('test-ggplot.R:13:3'): density plot with facets and PVs ────────────
    class(p) not equal to c("gg", "ggplot").
    Lengths differ: 5 is not 2
    ── Failure ('test-ggplot.R:21:3'): boxplot with facets and PVs ─────────────────
    class(p) not equal to c("gg", "ggplot").
    Lengths differ: 5 is not 2
    
    [ FAIL 2 | WARN 0 | SKIP 1 | PASS 10 ]
    Error: Test failures
    Execution halted
Flavor: r-release-linux-x86_64
Version: 0.1.3
Check: tests
Result: ERROR
    Running 'testthat.R' [66s]
  Running the tests in 'tests/testthat.R' failed.
  Complete output:
    > library(testthat)
    > library(EdSurvey)
    Loading required package: car
    Loading required package: carData
    Loading required package: lfactors
    lfactors v1.0.4
    
    Loading required package: Dire
    Dire v2.2.0
    
    EdSurvey v4.0.7
    
    > library(tidyEdSurvey)
    tidyEdSurvey v0.1.3
    A package for using 'dplyr' and 'ggplot2' with student level data in an edsurvey.data.frame. To work with teacher or school level data, see ?EdSurvey::getData
    
    Attaching package: 'tidyEdSurvey'
    
    The following object is masked from 'package:base':
    
        attach
    
    > test_check('tidyEdSurvey')
    [ FAIL 2 | WARN 0 | SKIP 1 | PASS 10 ]
    
    ══ Skipped tests (1) ═══════════════════════════════════════════════════════════
    • On CRAN (1): 'test-dplyr-TIMSS.R:1:1'
    
    ══ Failed tests ════════════════════════════════════════════════════════════════
    ── Failure ('test-ggplot.R:13:3'): density plot with facets and PVs ────────────
    class(p) not equal to c("gg", "ggplot").
    Lengths differ: 5 is not 2
    ── Failure ('test-ggplot.R:21:3'): boxplot with facets and PVs ─────────────────
    class(p) not equal to c("gg", "ggplot").
    Lengths differ: 5 is not 2
    
    [ FAIL 2 | WARN 0 | SKIP 1 | PASS 10 ]
    Error: Test failures
    Execution halted
Flavor: r-release-windows-x86_64
Version: 0.1.3
Check: tests
Result: ERROR
    Running 'testthat.R' [65s]
  Running the tests in 'tests/testthat.R' failed.
  Complete output:
    > library(testthat)
    > library(EdSurvey)
    Loading required package: car
    Loading required package: carData
    Loading required package: lfactors
    lfactors v1.0.4
    
    Loading required package: Dire
    Dire v2.2.0
    
    EdSurvey v4.0.7
    
    > library(tidyEdSurvey)
    tidyEdSurvey v0.1.3
    A package for using 'dplyr' and 'ggplot2' with student level data in an edsurvey.data.frame. To work with teacher or school level data, see ?EdSurvey::getData
    
    Attaching package: 'tidyEdSurvey'
    
    The following object is masked from 'package:base':
    
        attach
    
    > test_check('tidyEdSurvey')
    [ FAIL 2 | WARN 0 | SKIP 1 | PASS 10 ]
    
    ══ Skipped tests (1) ═══════════════════════════════════════════════════════════
    • On CRAN (1): 'test-dplyr-TIMSS.R:1:1'
    
    ══ Failed tests ════════════════════════════════════════════════════════════════
    ── Failure ('test-ggplot.R:13:3'): density plot with facets and PVs ────────────
    class(p) not equal to c("gg", "ggplot").
    Lengths differ: 5 is not 2
    ── Failure ('test-ggplot.R:21:3'): boxplot with facets and PVs ─────────────────
    class(p) not equal to c("gg", "ggplot").
    Lengths differ: 5 is not 2
    
    [ FAIL 2 | WARN 0 | SKIP 1 | PASS 10 ]
    Error: Test failures
    Execution halted
Flavor: r-oldrel-windows-x86_64