Last updated on 2024-05-09 10:50:09 CEST.
Flavor | Version | Tinstall | Tcheck | Ttotal | Status | Flags |
---|---|---|---|---|---|---|
r-devel-linux-x86_64-debian-clang | 0.12.5 | 364.55 | 209.12 | 573.67 | NOTE | |
r-devel-linux-x86_64-debian-gcc | 0.12.5 | 347.40 | 180.02 | 527.42 | NOTE | |
r-devel-linux-x86_64-fedora-clang | 0.12.5 | 735.63 | NOTE | |||
r-devel-linux-x86_64-fedora-gcc | 0.12.5 | 1076.20 | NOTE | |||
r-devel-windows-x86_64 | 0.12.5 | 287.00 | 198.00 | 485.00 | NOTE | |
r-patched-linux-x86_64 | 0.12.5 | 314.21 | 231.50 | 545.71 | NOTE | |
r-release-linux-x86_64 | 0.12.5 | 0.02 | 2.74 | 2.76 | ERROR | |
r-release-macos-arm64 | 0.12.5 | 184.00 | NOTE | |||
r-release-macos-x86_64 | 0.12.5 | 401.00 | NOTE | |||
r-release-windows-x86_64 | 0.12.5 | 284.00 | 196.00 | 480.00 | NOTE | |
r-oldrel-macos-arm64 | 0.12.5 | 198.00 | NOTE | |||
r-oldrel-macos-x86_64 | 0.12.5 | 359.00 | NOTE | |||
r-oldrel-windows-x86_64 | 0.12.5 | 365.00 | 253.00 | 618.00 | NOTE |
Version: 0.12.5
Check: for GNU extensions in Makefiles
Result: NOTE
GNU make is a SystemRequirements.
Flavors: r-devel-linux-x86_64-debian-clang, r-devel-linux-x86_64-debian-gcc, r-devel-linux-x86_64-fedora-clang, r-devel-linux-x86_64-fedora-gcc, r-devel-windows-x86_64, r-patched-linux-x86_64, r-release-macos-arm64, r-release-macos-x86_64, r-release-windows-x86_64, r-oldrel-macos-arm64, r-oldrel-macos-x86_64, r-oldrel-windows-x86_64
Version: 0.12.5
Check: whether package can be installed
Result: ERROR
Installation failed.
Flavor: r-release-linux-x86_64
Version: 0.12.5
Check: installed package size
Result: NOTE
installed size is 84.3Mb
sub-directories of 1Mb or more:
libs 83.8Mb
Flavors: r-release-macos-arm64, r-release-macos-x86_64, r-oldrel-macos-arm64, r-oldrel-macos-x86_64