Last updated on 2024-05-09 10:50:09 CEST.
Flavor | Version | Tinstall | Tcheck | Ttotal | Status | Flags |
---|---|---|---|---|---|---|
r-devel-linux-x86_64-debian-clang | 0.4.0 | 5.33 | 42.91 | 48.24 | NOTE | |
r-devel-linux-x86_64-debian-gcc | 0.4.0 | 4.46 | 31.47 | 35.93 | NOTE | |
r-devel-linux-x86_64-fedora-clang | 0.4.0 | 62.09 | NOTE | |||
r-devel-linux-x86_64-fedora-gcc | 0.4.0 | 82.80 | NOTE | |||
r-devel-windows-x86_64 | 0.4.0 | 6.00 | 54.00 | 60.00 | NOTE | |
r-patched-linux-x86_64 | 0.4.0 | 5.12 | 40.29 | 45.41 | NOTE | |
r-release-linux-x86_64 | 0.4.0 | 6.82 | 40.68 | 47.50 | NOTE | |
r-release-macos-arm64 | 0.4.0 | 26.00 | NOTE | |||
r-release-windows-x86_64 | 0.4.0 | 6.00 | 52.00 | 58.00 | NOTE | |
r-oldrel-macos-arm64 | 0.4.0 | 30.00 | NOTE | |||
r-oldrel-macos-x86_64 | 0.4.0 | 44.00 | NOTE | |||
r-oldrel-windows-x86_64 | 0.4.0 | 7.00 | 57.00 | 64.00 | NOTE |
Version: 0.4.0
Check: LazyData
Result: NOTE
'LazyData' is specified without a 'data' directory
Flavors: r-devel-linux-x86_64-debian-clang, r-devel-linux-x86_64-debian-gcc, r-devel-linux-x86_64-fedora-clang, r-devel-linux-x86_64-fedora-gcc, r-devel-windows-x86_64, r-patched-linux-x86_64, r-release-linux-x86_64, r-release-macos-arm64, r-release-windows-x86_64, r-oldrel-macos-arm64, r-oldrel-macos-x86_64, r-oldrel-windows-x86_64