Last updated on 2024-05-09 10:50:09 CEST.
Flavor | Version | Tinstall | Tcheck | Ttotal | Status | Flags |
---|---|---|---|---|---|---|
r-devel-linux-x86_64-debian-clang | 0.9.4 | 39.30 | 660.74 | 700.04 | OK | |
r-devel-linux-x86_64-debian-gcc | 0.9.4 | 27.14 | 454.73 | 481.87 | OK | |
r-devel-linux-x86_64-fedora-clang | 0.9.4 | 847.59 | NOTE | |||
r-devel-linux-x86_64-fedora-gcc | 0.9.4 | 882.59 | OK | |||
r-devel-windows-x86_64 | 0.9.4 | 30.00 | 475.00 | 505.00 | NOTE | |
r-patched-linux-x86_64 | 0.9.4 | 43.11 | 636.08 | 679.19 | OK | |
r-release-linux-x86_64 | 0.9.4 | 30.45 | 623.73 | 654.18 | OK | |
r-release-macos-arm64 | 0.9.4 | 166.00 | NOTE | |||
r-release-macos-x86_64 | 0.9.4 | 334.00 | NOTE | |||
r-release-windows-x86_64 | 0.9.4 | 32.00 | 475.00 | 507.00 | NOTE | |
r-oldrel-macos-arm64 | 0.9.4 | 199.00 | NOTE | |||
r-oldrel-macos-x86_64 | 0.9.4 | 322.00 | NOTE | |||
r-oldrel-windows-x86_64 | 0.9.4 | 41.00 | 654.00 | 695.00 | NOTE |
Version: 0.9.4
Check: package dependencies
Result: NOTE
Imports includes 21 non-default packages.
Importing from so many packages makes the package vulnerable to any of
them becoming unavailable. Move as many as possible to Suggests and
use conditionally.
Flavor: r-devel-linux-x86_64-fedora-clang
Version: 0.9.4
Check: installed package size
Result: NOTE
installed size is 8.5Mb
sub-directories of 1Mb or more:
doc 4.5Mb
help 2.7Mb
Flavors: r-devel-linux-x86_64-fedora-clang, r-devel-windows-x86_64, r-release-macos-arm64, r-release-macos-x86_64, r-release-windows-x86_64, r-oldrel-macos-arm64, r-oldrel-macos-x86_64, r-oldrel-windows-x86_64