Last updated on 2025-11-01 10:49:54 CET.
| Flavor | Version | Tinstall | Tcheck | Ttotal | Status | Flags |
|---|---|---|---|---|---|---|
| r-devel-linux-x86_64-debian-clang | 0.6 | 159.57 | 197.44 | 357.01 | OK | |
| r-devel-linux-x86_64-debian-gcc | 0.6 | 101.65 | 141.42 | 243.07 | OK | |
| r-devel-linux-x86_64-fedora-clang | 0.6 | 71.00 | 433.97 | 504.97 | OK | |
| r-devel-linux-x86_64-fedora-gcc | 0.6 | 72.00 | 385.06 | 457.06 | OK | |
| r-devel-windows-x86_64 | 0.5 | 195.00 | 183.00 | 378.00 | NOTE | |
| r-patched-linux-x86_64 | 0.5 | 173.14 | 151.72 | 324.86 | NOTE | |
| r-release-linux-x86_64 | 0.5 | 169.03 | 147.97 | 317.00 | NOTE | |
| r-release-macos-arm64 | 0.6 | 55.00 | 85.00 | 140.00 | OK | |
| r-release-macos-x86_64 | 0.6 | 73.00 | 181.00 | 254.00 | OK | |
| r-release-windows-x86_64 | 0.6 | 152.00 | 206.00 | 358.00 | OK | |
| r-oldrel-macos-arm64 | 0.6 | 54.00 | 88.00 | 142.00 | NOTE | |
| r-oldrel-macos-x86_64 | 0.6 | 68.00 | 194.00 | 262.00 | NOTE | |
| r-oldrel-windows-x86_64 | 0.6 | 146.00 | 241.00 | 387.00 | OK |
Version: 0.5
Check: DESCRIPTION meta-information
Result: NOTE
Missing dependency on R >= 4.1.0 because package code uses the pipe
|> or function shorthand \(...) syntax added in R 4.1.0.
File(s) using such syntax:
'alean.Rd' 'nondom.Rd'
Flavors: r-devel-windows-x86_64, r-patched-linux-x86_64, r-release-linux-x86_64
Version: 0.6
Check: installed package size
Result: NOTE
installed size is 14.6Mb
sub-directories of 1Mb or more:
libs 12.3Mb
Flavors: r-oldrel-macos-arm64, r-oldrel-macos-x86_64