Last updated on 2025-10-09 12:51:34 CEST.
Flavor | Version | Tinstall | Tcheck | Ttotal | Status | Flags |
---|---|---|---|---|---|---|
r-devel-linux-x86_64-debian-clang | 0.9-45 | 4.01 | 37.90 | 41.91 | NOTE | |
r-devel-linux-x86_64-debian-gcc | 0.9-45 | 4.61 | 37.34 | 41.95 | NOTE | |
r-devel-linux-x86_64-fedora-clang | 0.9-45 | 70.56 | OK | |||
r-devel-linux-x86_64-fedora-gcc | 0.9-45 | 60.73 | OK | |||
r-devel-windows-x86_64 | 0.9-45 | 4.00 | 50.00 | 54.00 | OK | |
r-patched-linux-x86_64 | 0.9-45 | 4.21 | 30.86 | 35.07 | OK | |
r-release-linux-x86_64 | 0.9-45 | 4.03 | 30.78 | 34.81 | OK | |
r-release-macos-arm64 | 0.9-45 | 31.00 | OK | |||
r-release-macos-x86_64 | 0.9-45 | 37.00 | OK | |||
r-release-windows-x86_64 | 0.9-45 | 4.00 | 52.00 | 56.00 | OK | |
r-oldrel-macos-arm64 | 0.9-45 | 22.00 | OK | |||
r-oldrel-macos-x86_64 | 0.9-45 | 30.00 | OK | |||
r-oldrel-windows-x86_64 | 0.9-45 | 7.00 | 57.00 | 64.00 | OK |
Version: 0.9-45
Check: CRAN incoming feasibility
Result: NOTE
Maintainer: ‘Philippe Grosjean <phgrosjean@sciviews.org>’
Package CITATION file contains call(s) to old-style personList() or
as.personList(). Please use c() on person objects instead.
Package CITATION file contains call(s) to old-style citEntry(). Please
use bibentry() instead.
Flavors: r-devel-linux-x86_64-debian-clang, r-devel-linux-x86_64-debian-gcc