Last updated on 2025-10-31 09:50:32 CET.
| Flavor | Version | Tinstall | Tcheck | Ttotal | Status | Flags | 
|---|---|---|---|---|---|---|
| r-devel-linux-x86_64-debian-clang | 1.0.0 | 2.76 | 27.66 | 30.42 | NOTE | |
| r-devel-linux-x86_64-debian-gcc | 1.0.0 | 2.47 | 22.39 | 24.86 | NOTE | |
| r-devel-linux-x86_64-fedora-clang | 1.0.0 | 44.06 | NOTE | |||
| r-devel-linux-x86_64-fedora-gcc | 1.0.0 | 44.08 | NOTE | |||
| r-devel-windows-x86_64 | 1.0.0 | 4.00 | 46.00 | 50.00 | NOTE | |
| r-patched-linux-x86_64 | 1.0.0 | 2.82 | 26.15 | 28.97 | NOTE | |
| r-release-linux-x86_64 | 1.0.0 | 2.89 | 26.34 | 29.23 | NOTE | |
| r-release-macos-arm64 | 1.0.0 | 1.00 | 17.00 | 18.00 | NOTE | |
| r-release-macos-x86_64 | 1.0.0 | 3.00 | 28.00 | 31.00 | NOTE | |
| r-release-windows-x86_64 | 1.0.0 | 5.00 | 48.00 | 53.00 | NOTE | |
| r-oldrel-macos-arm64 | 1.0.0 | 1.00 | 17.00 | 18.00 | NOTE | |
| r-oldrel-macos-x86_64 | 1.0.0 | 2.00 | 21.00 | 23.00 | NOTE | |
| r-oldrel-windows-x86_64 | 1.0.0 | 4.00 | 53.00 | 57.00 | NOTE | 
Version: 1.0.0
Check: CRAN incoming feasibility
Result: NOTE
  Maintainer: ‘Philippe Grosjean <phgrosjean@sciviews.org>’
  
  Package CITATION file contains call(s) to old-style personList() or
  as.personList().  Please use c() on person objects instead.
  Package CITATION file contains call(s) to old-style citEntry().  Please
  use bibentry() instead.
Flavors: r-devel-linux-x86_64-debian-clang, r-devel-linux-x86_64-debian-gcc
Version: 1.0.0
Check: Rd files
Result: NOTE
  checkRd: (-1) koInstall.Rd:24: Lost braces; missing escapes or markup?
      24 | set, svKomodo loads {svSocket}, starts the socket server listening to the
         |                     ^
  checkRd: (-1) svKomodo-package.Rd:18: Lost braces; missing escapes or markup?
      18 | Komodo and (2) the present {svKomodo} R package that work hand in hand to
         |                            ^
  checkRd: (-1) svKomodo-package.Rd:28: Lost braces; missing escapes or markup?
      28 | Nevertheless, the SciViews-K Komodo addin and the {svKomodo} R package
         |                                                   ^
  checkRd: (-1) svKomodo-package.Rd:31: Lost braces; missing escapes or markup?
      31 | communication protocols developed in the {svSocket} and {svHttp} R packages.
         |                                          ^
  checkRd: (-1) svKomodo-package.Rd:31: Lost braces; missing escapes or markup?
      31 | communication protocols developed in the {svSocket} and {svHttp} R packages.
         |                                                         ^
  checkRd: (-1) svKomodo-package.Rd:37: Lost braces; missing escapes or markup?
      37 | Both SciViews-K and {svKomodo} should be considered archived items. I keep
         |                     ^
Flavors: r-devel-linux-x86_64-debian-clang, r-devel-linux-x86_64-debian-gcc, r-devel-linux-x86_64-fedora-clang, r-devel-linux-x86_64-fedora-gcc, r-devel-windows-x86_64, r-patched-linux-x86_64, r-release-linux-x86_64, r-release-macos-arm64, r-release-macos-x86_64, r-release-windows-x86_64, r-oldrel-macos-arm64, r-oldrel-macos-x86_64, r-oldrel-windows-x86_64