Last updated on 2025-10-31 09:50:32 CET.
| Flavor | Version | Tinstall | Tcheck | Ttotal | Status | Flags | 
|---|---|---|---|---|---|---|
| r-devel-linux-x86_64-debian-clang | 2.0.1 | 8.78 | 80.78 | 89.56 | NOTE | |
| r-devel-linux-x86_64-debian-gcc | 2.0.1 | 6.07 | 58.53 | 64.60 | NOTE | |
| r-devel-linux-x86_64-fedora-clang | 2.0.1 | 18.00 | 115.73 | 133.73 | OK | |
| r-devel-linux-x86_64-fedora-gcc | 2.0.1 | 18.00 | 112.86 | 130.86 | OK | |
| r-devel-windows-x86_64 | 2.0.1 | 10.00 | 96.00 | 106.00 | OK | |
| r-patched-linux-x86_64 | 2.0.1 | 8.70 | 80.98 | 89.68 | OK | |
| r-release-linux-x86_64 | 2.0.1 | 8.39 | 79.07 | 87.46 | OK | |
| r-release-macos-arm64 | 2.0.1 | 4.00 | 37.00 | 41.00 | OK | |
| r-release-macos-x86_64 | 2.0.1 | 7.00 | 66.00 | 73.00 | OK | |
| r-release-windows-x86_64 | 2.0.1 | 11.00 | 98.00 | 109.00 | OK | |
| r-oldrel-macos-arm64 | 2.0.1 | 4.00 | 38.00 | 42.00 | OK | |
| r-oldrel-macos-x86_64 | 2.0.1 | 6.00 | 62.00 | 68.00 | OK | |
| r-oldrel-windows-x86_64 | 2.0.1 | 14.00 | 121.00 | 135.00 | OK | 
Version: 2.0.1
Check: CRAN incoming feasibility
Result: NOTE
  Maintainer: ‘Guo-You Lan <jj6020770416jj@gmail.com>’
  
  No Authors@R field in DESCRIPTION.
  Please add one, modifying
    Authors@R: person(given = "Hsin-wen",
                      family = "Chang",
                      role = c("aut", "cre"),
                      email = "hwchang@stat.sinica.edu.tw")
  as necessary.
Flavors: r-devel-linux-x86_64-debian-clang, r-devel-linux-x86_64-debian-gcc