CRAN Package Check Results for Package survCurve

Last updated on 2025-11-25 11:52:07 CET.

Flavor Version Tinstall Tcheck Ttotal Status Flags
r-devel-linux-x86_64-debian-clang 1.0 1.95 29.89 31.84 OK
r-devel-linux-x86_64-debian-gcc 1.0 1.59 24.04 25.63 OK
r-devel-linux-x86_64-fedora-clang 1.0 48.27 NOTE
r-devel-linux-x86_64-fedora-gcc 1.0 59.15 NOTE
r-devel-windows-x86_64 1.0 4.00 49.00 53.00 OK
r-patched-linux-x86_64 1.0 2.19 28.23 30.42 OK
r-release-linux-x86_64 1.0 2.09 28.40 30.49 OK
r-release-macos-arm64 1.0 OK
r-release-macos-x86_64 1.0 2.00 40.00 42.00 OK
r-release-windows-x86_64 1.0 5.00 61.00 66.00 OK
r-oldrel-macos-arm64 1.0 NOTE
r-oldrel-macos-x86_64 1.0 2.00 33.00 35.00 NOTE
r-oldrel-windows-x86_64 1.0 4.00 57.00 61.00 NOTE

Check Details

Version: 1.0
Check: dependencies in R code
Result: NOTE Namespace in Imports field not imported from: ‘survival’ All declared Imports should be used. Flavors: r-devel-linux-x86_64-fedora-clang, r-devel-linux-x86_64-fedora-gcc

Version: 1.0
Check: LazyData
Result: NOTE 'LazyData' is specified without a 'data' directory Flavors: r-oldrel-macos-arm64, r-oldrel-macos-x86_64, r-oldrel-windows-x86_64