Last updated on 2024-05-09 10:50:08 CEST.
Flavor | Version | Tinstall | Tcheck | Ttotal | Status | Flags |
---|---|---|---|---|---|---|
r-devel-linux-x86_64-debian-clang | 0.2.0 | 4.84 | 54.14 | 58.98 | NOTE | |
r-devel-linux-x86_64-debian-gcc | 0.2.0 | 4.80 | 40.28 | 45.08 | NOTE | |
r-devel-linux-x86_64-fedora-clang | 0.2.0 | 75.24 | NOTE | |||
r-devel-linux-x86_64-fedora-gcc | 0.2.0 | 106.45 | NOTE | |||
r-devel-windows-x86_64 | 0.2.0 | 7.00 | 60.00 | 67.00 | NOTE | |
r-patched-linux-x86_64 | 0.2.0 | 6.89 | 51.28 | 58.17 | NOTE | |
r-release-linux-x86_64 | 0.2.0 | 5.46 | 51.45 | 56.91 | NOTE | |
r-release-macos-arm64 | 0.2.0 | 24.00 | NOTE | |||
r-release-windows-x86_64 | 0.2.0 | 8.00 | 62.00 | 70.00 | NOTE | |
r-oldrel-macos-arm64 | 0.2.0 | 25.00 | OK | |||
r-oldrel-macos-x86_64 | 0.2.0 | 38.00 | OK | |||
r-oldrel-windows-x86_64 | 0.2.0 | 8.00 | 66.00 | 74.00 | OK |
Version: 0.2.0
Check: Rd files
Result: NOTE
checkRd: (-1) getFittedProbs.Rd:6-8: Lost braces
6 | getFittedValues <- function(object) {
| ^
checkRd: (-1) getFittedProbs.Rd:14-16: Lost braces
14 | getFittedValues <- function(object) {
| ^
Flavors: r-devel-linux-x86_64-debian-clang, r-devel-linux-x86_64-debian-gcc, r-devel-linux-x86_64-fedora-clang, r-devel-linux-x86_64-fedora-gcc, r-devel-windows-x86_64, r-patched-linux-x86_64, r-release-linux-x86_64, r-release-macos-arm64, r-release-windows-x86_64
Version: 0.2.0
Check: Rd cross-references
Result: NOTE
Undeclared package ‘truncdist’ in Rd xrefs
Flavor: r-devel-linux-x86_64-fedora-clang