Last updated on 2025-10-31 09:50:32 CET.
| Flavor | Version | Tinstall | Tcheck | Ttotal | Status | Flags | 
|---|---|---|---|---|---|---|
| r-devel-linux-x86_64-debian-clang | 0.4-6 | 2.94 | 29.49 | 32.43 | NOTE | |
| r-devel-linux-x86_64-debian-gcc | 0.4-6 | 2.19 | 21.85 | 24.04 | NOTE | |
| r-devel-linux-x86_64-fedora-clang | 0.4-6 | 47.87 | OK | |||
| r-devel-linux-x86_64-fedora-gcc | 0.4-6 | 44.68 | OK | |||
| r-devel-windows-x86_64 | 0.4-6 | 4.00 | 48.00 | 52.00 | OK | |
| r-patched-linux-x86_64 | 0.4-6 | 3.47 | 27.65 | 31.12 | OK | |
| r-release-linux-x86_64 | 0.4-6 | 2.89 | 27.62 | 30.51 | OK | |
| r-release-macos-arm64 | 0.4-6 | 2.00 | 16.00 | 18.00 | OK | |
| r-release-macos-x86_64 | 0.4-6 | 2.00 | 28.00 | 30.00 | OK | |
| r-release-windows-x86_64 | 0.4-6 | 4.00 | 50.00 | 54.00 | OK | |
| r-oldrel-macos-arm64 | 0.4-6 | 1.00 | 16.00 | 17.00 | OK | |
| r-oldrel-macos-x86_64 | 0.4-6 | 2.00 | 22.00 | 24.00 | OK | |
| r-oldrel-windows-x86_64 | 0.4-6 | 5.00 | 60.00 | 65.00 | OK | 
Version: 0.4-6
Check: CRAN incoming feasibility
Result: NOTE
  Maintainer: ‘Hideo Aizaki <azk-r@spa.nifty.com>’
  
  No Authors@R field in DESCRIPTION.
  Please add one, modifying
    Authors@R: person(given = "Hideo",
                      family = "Aizaki",
                      role = c("aut", "cre"),
                      email = "azk-r@spa.nifty.com")
  as necessary.
Flavors: r-devel-linux-x86_64-debian-clang, r-devel-linux-x86_64-debian-gcc