Last updated on 2025-10-23 10:48:57 CEST.
Flavor | Version | Tinstall | Tcheck | Ttotal | Status | Flags |
---|---|---|---|---|---|---|
r-devel-linux-x86_64-debian-clang | 1.0.3 | 62.55 | 201.62 | 264.17 | NOTE | |
r-devel-linux-x86_64-debian-gcc | 1.0.3 | 41.53 | 148.98 | 190.51 | OK | |
r-devel-linux-x86_64-fedora-clang | 1.0.3 | 91.00 | 321.94 | 412.94 | OK | |
r-devel-linux-x86_64-fedora-gcc | 1.0.3 | 65.00 | 345.11 | 410.11 | OK | |
r-devel-windows-x86_64 | 1.0.3 | 76.00 | 214.00 | 290.00 | OK | |
r-patched-linux-x86_64 | 1.0.3 | 65.17 | 199.68 | 264.85 | OK | |
r-release-linux-x86_64 | 1.0.3 | 62.08 | 198.91 | 260.99 | OK | |
r-release-macos-arm64 | 1.0.3 | 23.00 | 113.00 | 136.00 | OK | |
r-release-macos-x86_64 | 1.0.3 | 29.00 | 229.00 | 258.00 | OK | |
r-release-windows-x86_64 | 1.0.3 | 75.00 | 212.00 | 287.00 | OK | |
r-oldrel-macos-arm64 | 1.0.3 | 24.00 | 145.00 | 169.00 | NOTE | |
r-oldrel-macos-x86_64 | 1.0.3 | 35.00 | 212.00 | 247.00 | NOTE | |
r-oldrel-windows-x86_64 | 1.0.3 | 86.00 | 282.00 | 368.00 | OK |
Version: 1.0.3
Check: HTML version of manual
Result: NOTE
Found the following HTML validation problems:
updateFA.html:92:1 (updateFA.Rd:40): Warning: missing </ul> before </div>
updateFAHomVar.html:55:1 (updateFAHomVar.Rd:14): Warning: missing </ul> before </div>
updatePrec.html:83:1 (updatePrec.Rd:29): Warning: missing </ul> before </div>
Flavor: r-devel-linux-x86_64-debian-clang
Version: 1.0.3
Check: installed package size
Result: NOTE
installed size is 7.5Mb
sub-directories of 1Mb or more:
libs 6.5Mb
Flavors: r-oldrel-macos-arm64, r-oldrel-macos-x86_64