Last updated on 2024-05-09 10:50:08 CEST.
Flavor | Version | Tinstall | Tcheck | Ttotal | Status | Flags |
---|---|---|---|---|---|---|
r-devel-linux-x86_64-debian-clang | 1.0.7 | 11.49 | 231.50 | 242.99 | NOTE | |
r-devel-linux-x86_64-debian-gcc | 1.0.8 | 9.73 | 164.86 | 174.59 | NOTE | |
r-devel-linux-x86_64-fedora-clang | 1.0.8 | 246.82 | NOTE | |||
r-devel-linux-x86_64-fedora-gcc | 1.0.8 | 276.20 | NOTE | |||
r-devel-windows-x86_64 | 1.0.8 | 10.00 | 166.00 | 176.00 | NOTE | |
r-patched-linux-x86_64 | 1.0.8 | 19.23 | 218.06 | 237.29 | NOTE | |
r-release-linux-x86_64 | 1.0.7 | 7.88 | 211.93 | 219.81 | NOTE | |
r-release-macos-arm64 | 1.0.8 | 92.00 | NOTE | |||
r-release-macos-x86_64 | 1.0.8 | 90.00 | NOTE | |||
r-release-windows-x86_64 | 1.0.8 | 11.00 | 162.00 | 173.00 | NOTE | |
r-oldrel-macos-arm64 | 1.0.8 | 101.00 | NOTE | |||
r-oldrel-macos-x86_64 | 1.0.8 | 99.00 | NOTE | |||
r-oldrel-windows-x86_64 | 1.0.8 | 10.00 | 172.00 | 182.00 | NOTE |
Version: 1.0.7
Check: package dependencies
Result: NOTE
Package suggested but not available for checking: ‘asreml’
Flavors: r-devel-linux-x86_64-debian-clang, r-release-linux-x86_64
Version: 1.0.8
Check: package dependencies
Result: NOTE
Package suggested but not available for checking: ‘asreml’
Flavors: r-devel-linux-x86_64-debian-gcc, r-devel-linux-x86_64-fedora-clang, r-devel-linux-x86_64-fedora-gcc, r-devel-windows-x86_64, r-patched-linux-x86_64, r-release-macos-arm64, r-release-macos-x86_64, r-release-windows-x86_64, r-oldrel-macos-arm64, r-oldrel-macos-x86_64, r-oldrel-windows-x86_64