Last updated on 2025-11-20 11:51:25 CET.
| Flavor | Version | Tinstall | Tcheck | Ttotal | Status | Flags |
|---|---|---|---|---|---|---|
| r-devel-linux-x86_64-debian-clang | 0.1.0 | 5.30 | 61.63 | 66.93 | OK | |
| r-devel-linux-x86_64-debian-gcc | 0.1.0 | 3.05 | 48.01 | 51.06 | OK | |
| r-devel-linux-x86_64-fedora-clang | 0.1.0 | 15.00 | 91.92 | 106.92 | OK | |
| r-devel-linux-x86_64-fedora-gcc | 0.1.0 | 11.00 | 90.11 | 101.11 | OK | |
| r-devel-windows-x86_64 | 0.1.0 | 8.00 | 101.00 | 109.00 | OK | |
| r-patched-linux-x86_64 | 0.1.0 | 5.34 | 59.59 | 64.93 | OK | |
| r-release-linux-x86_64 | 0.1.0 | 4.13 | 59.91 | 64.04 | OK | |
| r-release-macos-arm64 | 0.1.0 | OK | ||||
| r-release-macos-x86_64 | 0.1.0 | 5.00 | 70.00 | 75.00 | OK | |
| r-release-windows-x86_64 | 0.1.0 | 5.00 | 100.00 | 105.00 | OK | |
| r-oldrel-macos-arm64 | 0.1.0 | NOTE | ||||
| r-oldrel-macos-x86_64 | 0.1.0 | 4.00 | 42.00 | 46.00 | NOTE | |
| r-oldrel-windows-x86_64 | 0.1.0 | 8.00 | 99.00 | 107.00 | NOTE |
Version: 0.1.0
Check: LazyData
Result: NOTE
'LazyData' is specified without a 'data' directory
Flavors: r-oldrel-macos-arm64, r-oldrel-macos-x86_64, r-oldrel-windows-x86_64