Last updated on 2024-05-09 10:50:08 CEST.
Flavor | Version | Tinstall | Tcheck | Ttotal | Status | Flags |
---|---|---|---|---|---|---|
r-devel-linux-x86_64-debian-clang | 1.2.2 | 8.49 | 49.25 | 57.74 | NOTE | |
r-devel-linux-x86_64-debian-gcc | 1.2.2 | 6.15 | 36.55 | 42.70 | NOTE | |
r-devel-linux-x86_64-fedora-clang | 1.2.2 | 75.47 | NOTE | |||
r-devel-linux-x86_64-fedora-gcc | 1.2.2 | 84.52 | NOTE | |||
r-devel-windows-x86_64 | 1.2.2 | 10.00 | 70.00 | 80.00 | NOTE | |
r-patched-linux-x86_64 | 1.2.2 | 9.82 | 45.78 | 55.60 | NOTE | |
r-release-linux-x86_64 | 1.2.2 | 6.47 | 45.84 | 52.31 | NOTE | |
r-release-macos-arm64 | 1.2.2 | 31.00 | NOTE | |||
r-release-windows-x86_64 | 1.2.2 | 9.00 | 64.00 | 73.00 | NOTE | |
r-oldrel-macos-arm64 | 1.2.2 | 32.00 | OK | |||
r-oldrel-macos-x86_64 | 1.2.2 | 48.00 | OK | |||
r-oldrel-windows-x86_64 | 1.2.2 | 12.00 | 70.00 | 82.00 | OK |
Version: 1.2.2
Check: Rd files
Result: NOTE
checkRd: (-1) gbmidwcv.Rd:118: Lost braces
118 | rfcv{randomForest} and gbm
| ^
checkRd: (-1) gbmokgbmidwcv.Rd:108: Lost braces
108 | variable and anisotropy parameters. see notes vgm{gstat} for details.
| ^
Flavors: r-devel-linux-x86_64-debian-clang, r-devel-linux-x86_64-debian-gcc, r-devel-linux-x86_64-fedora-clang, r-devel-linux-x86_64-fedora-gcc, r-devel-windows-x86_64, r-patched-linux-x86_64, r-release-linux-x86_64, r-release-macos-arm64, r-release-windows-x86_64
Version: 1.2.2
Check: dependencies in R code
Result: NOTE
Namespace in Imports field not imported from: ‘biomod2’
All declared Imports should be used.
Flavors: r-devel-linux-x86_64-fedora-clang, r-devel-linux-x86_64-fedora-gcc