Last updated on 2025-11-21 09:49:18 CET.
| Flavor | Version | Tinstall | Tcheck | Ttotal | Status | Flags |
|---|---|---|---|---|---|---|
| r-devel-linux-x86_64-debian-clang | 0.8.2 | 24.24 | 173.04 | 197.28 | NOTE | |
| r-devel-linux-x86_64-debian-gcc | 0.8.2 | 15.89 | 124.94 | 140.83 | NOTE | |
| r-devel-linux-x86_64-fedora-clang | 0.8.2 | 59.00 | 255.52 | 314.52 | NOTE | |
| r-devel-linux-x86_64-fedora-gcc | 0.8.2 | 132.00 | 189.86 | 321.86 | NOTE | |
| r-devel-windows-x86_64 | 0.8.2 | 39.00 | 171.00 | 210.00 | NOTE | |
| r-patched-linux-x86_64 | 0.8.2 | 22.20 | 164.73 | 186.93 | NOTE | |
| r-release-linux-x86_64 | 0.8.2 | 21.89 | 162.08 | 183.97 | NOTE | |
| r-release-macos-arm64 | 0.8.2 | NOTE | ||||
| r-release-macos-x86_64 | 0.8.2 | 18.00 | 152.00 | 170.00 | NOTE | |
| r-release-windows-x86_64 | 0.8.2 | 30.00 | 167.00 | 197.00 | NOTE | |
| r-oldrel-macos-arm64 | 0.8.2 | NOTE | ||||
| r-oldrel-macos-x86_64 | 0.8.2 | 14.00 | 110.00 | 124.00 | NOTE | |
| r-oldrel-windows-x86_64 | 0.8.2 | 36.00 | 235.00 | 271.00 | NOTE |
Version: 0.8.2
Check: CRAN incoming feasibility
Result: NOTE
Maintainer: ‘Sam Parsons <sam.parsons@radboudumc.nl>’
Package CITATION file contains call(s) to old-style personList() or
as.personList(). Please use c() on person objects instead.
Package CITATION file contains call(s) to old-style citEntry(). Please
use bibentry() instead.
The BugReports field in DESCRIPTION has
https://github.com/sdparsons/splithalf
which should likely be
https://github.com/sdparsons/splithalf/issues
instead.
Flavors: r-devel-linux-x86_64-debian-clang, r-devel-linux-x86_64-debian-gcc
Version: 0.8.2
Check: Rd files
Result: NOTE
checkRd: (-1) speedtestdata.Rd:18: Lost braces in \itemize; meant \describe ?
checkRd: (-1) speedtestdata.Rd:19: Lost braces in \itemize; meant \describe ?
checkRd: (-1) speedtestdata.Rd:20: Lost braces in \itemize; meant \describe ?
checkRd: (-1) speedtestdata.Rd:21: Lost braces in \itemize; meant \describe ?
checkRd: (-1) speedtestdata.Rd:22: Lost braces in \itemize; meant \describe ?
checkRd: (-1) speedtestdata.Rd:23: Lost braces in \itemize; meant \describe ?
Flavors: r-devel-linux-x86_64-debian-clang, r-devel-linux-x86_64-debian-gcc, r-devel-linux-x86_64-fedora-clang, r-devel-linux-x86_64-fedora-gcc, r-devel-windows-x86_64, r-patched-linux-x86_64, r-release-linux-x86_64, r-release-macos-arm64, r-release-macos-x86_64, r-release-windows-x86_64, r-oldrel-macos-arm64, r-oldrel-macos-x86_64, r-oldrel-windows-x86_64