CRAN Package Check Results for Package spec

Last updated on 2025-11-25 11:52:06 CET.

Flavor Version Tinstall Tcheck Ttotal Status Flags
r-devel-linux-x86_64-debian-clang 0.1.9 2.95 30.15 33.10 NOTE
r-devel-linux-x86_64-debian-gcc 0.1.9 2.11 23.86 25.97 NOTE
r-devel-linux-x86_64-fedora-clang 0.1.9 48.39 OK
r-devel-linux-x86_64-fedora-gcc 0.1.9 45.70 OK
r-devel-windows-x86_64 0.1.9 7.00 52.00 59.00 OK
r-patched-linux-x86_64 0.1.9 3.39 27.39 30.78 OK
r-release-linux-x86_64 0.1.9 2.38 27.14 29.52 OK
r-release-macos-arm64 0.1.9 OK
r-release-macos-x86_64 0.1.9 4.00 37.00 41.00 OK
r-release-windows-x86_64 0.1.9 4.00 66.00 70.00 OK
r-oldrel-macos-arm64 0.1.9 OK
r-oldrel-macos-x86_64 0.1.9 3.00 27.00 30.00 OK
r-oldrel-windows-x86_64 0.1.9 4.00 61.00 65.00 OK

Check Details

Version: 0.1.9
Check: CRAN incoming feasibility
Result: NOTE Maintainer: ‘Tim Bergsma <bergsmat@gmail.com>’ No Authors@R field in DESCRIPTION. Please add one, modifying Authors@R: person(given = "Tim", family = "Bergsma", role = c("aut", "cre"), email = "bergsmat@gmail.com") as necessary. Flavors: r-devel-linux-x86_64-debian-clang, r-devel-linux-x86_64-debian-gcc