Last updated on 2025-10-31 09:50:31 CET.
| Flavor | Version | Tinstall | Tcheck | Ttotal | Status | Flags | 
|---|---|---|---|---|---|---|
| r-devel-linux-x86_64-debian-clang | 1.1-7 | 3.27 | 22.83 | 26.10 | OK | |
| r-devel-linux-x86_64-debian-gcc | 1.1-7 | 2.55 | 18.59 | 21.14 | OK | |
| r-devel-linux-x86_64-fedora-clang | 1.1-7 | 37.93 | NOTE | |||
| r-devel-linux-x86_64-fedora-gcc | 1.1-7 | 37.04 | NOTE | |||
| r-devel-windows-x86_64 | 1.1-7 | 5.00 | 44.00 | 49.00 | OK | |
| r-patched-linux-x86_64 | 1.1-7 | 3.27 | 21.75 | 25.02 | OK | |
| r-release-linux-x86_64 | 1.1-7 | 3.14 | 21.62 | 24.76 | OK | |
| r-release-macos-arm64 | 1.1-7 | 3.00 | 17.00 | 20.00 | OK | |
| r-release-macos-x86_64 | 1.1-7 | 5.00 | 32.00 | 37.00 | OK | |
| r-release-windows-x86_64 | 1.1-7 | 8.00 | 51.00 | 59.00 | OK | |
| r-oldrel-macos-arm64 | 1.1-7 | 3.00 | 15.00 | 18.00 | OK | |
| r-oldrel-macos-x86_64 | 1.1-7 | 7.00 | 30.00 | 37.00 | OK | |
| r-oldrel-windows-x86_64 | 1.1-7 | 7.00 | 47.00 | 54.00 | OK | 
Version: 1.1-7
Check: compiled code
Result: NOTE
  File ‘sparseSVM/libs/sparseSVM.so’:
    Found no call to: ‘R_useDynamicSymbols’
  
  It is good practice to register native routines and to disable symbol
  search.
  
  See ‘Writing portable packages’ in the ‘Writing R Extensions’ manual.
Flavors: r-devel-linux-x86_64-fedora-clang, r-devel-linux-x86_64-fedora-gcc