Last updated on 2024-05-09 10:50:07 CEST.
Flavor | Version | Tinstall | Tcheck | Ttotal | Status | Flags |
---|---|---|---|---|---|---|
r-devel-linux-x86_64-debian-clang | 4.0 | 7.44 | 37.09 | 44.53 | NOTE | |
r-devel-linux-x86_64-debian-gcc | 4.0 | 6.39 | 27.96 | 34.35 | NOTE | |
r-devel-linux-x86_64-fedora-clang | 4.0 | 56.32 | NOTE | |||
r-devel-linux-x86_64-fedora-gcc | 4.0 | 320.47 | NOTE | |||
r-devel-windows-x86_64 | 4.0 | 10.00 | 53.00 | 63.00 | NOTE | |
r-patched-linux-x86_64 | 4.0 | 8.00 | 35.85 | 43.85 | NOTE | |
r-release-linux-x86_64 | 4.0 | 7.32 | 35.28 | 42.60 | NOTE | |
r-release-macos-arm64 | 4.0 | 117.00 | NOTE | |||
r-release-windows-x86_64 | 4.0 | 8.00 | 53.00 | 61.00 | NOTE | |
r-oldrel-macos-arm64 | 4.0 | 128.00 | OK | |||
r-oldrel-macos-x86_64 | 4.0 | 220.00 | OK | |||
r-oldrel-windows-x86_64 | 4.0 | 12.00 | 53.00 | 65.00 | OK |
Version: 4.0
Check: Rd files
Result: NOTE
checkRd: (-1) elasticNetSEMcv.Rd:69: Lost braces in \itemize; \value handles \item{}{} directly
checkRd: (-1) elasticNetSEMcv.Rd:71-74: Lost braces in \itemize; \value handles \item{}{} directly
checkRd: (-1) elasticNetSEMcv.Rd:75-82: Lost braces in \itemize; \value handles \item{}{} directly
checkRd: (-1) elasticNetSEMcv.Rd:83-92: Lost braces in \itemize; \value handles \item{}{} directly
checkRd: (-1) elasticNetSEMcv.Rd:93: Lost braces in \itemize; \value handles \item{}{} directly
checkRd: (-1) elasticNetSEMcv.Rd:94: Lost braces in \itemize; \value handles \item{}{} directly
Flavors: r-devel-linux-x86_64-debian-clang, r-devel-linux-x86_64-debian-gcc, r-devel-linux-x86_64-fedora-clang, r-devel-linux-x86_64-fedora-gcc, r-devel-windows-x86_64, r-patched-linux-x86_64, r-release-linux-x86_64, r-release-macos-arm64, r-release-windows-x86_64