Last updated on 2024-05-09 10:50:07 CEST.
Flavor | Version | Tinstall | Tcheck | Ttotal | Status | Flags |
---|---|---|---|---|---|---|
r-devel-linux-x86_64-debian-clang | 0.1.1 | 9.09 | 63.52 | 72.61 | NOTE | |
r-devel-linux-x86_64-debian-gcc | 0.1.1 | 5.87 | 46.44 | 52.31 | NOTE | |
r-devel-linux-x86_64-fedora-clang | 0.1.1 | 94.33 | NOTE | |||
r-devel-linux-x86_64-fedora-gcc | 0.1.1 | 198.17 | NOTE | |||
r-devel-windows-x86_64 | 0.1.1 | 7.00 | 63.00 | 70.00 | NOTE | |
r-patched-linux-x86_64 | 0.1.1 | 4.98 | 58.26 | 63.24 | NOTE | |
r-release-linux-x86_64 | 0.1.1 | 4.35 | 58.65 | 63.00 | NOTE | |
r-release-macos-arm64 | 0.1.1 | 27.00 | NOTE | |||
r-release-windows-x86_64 | 0.1.1 | 8.00 | 64.00 | 72.00 | NOTE | |
r-oldrel-macos-arm64 | 0.1.1 | 29.00 | NOTE | |||
r-oldrel-macos-x86_64 | 0.1.1 | 48.00 | NOTE | |||
r-oldrel-windows-x86_64 | 0.1.1 | 9.00 | 69.00 | 78.00 | NOTE |
Version: 0.1.1
Check: LazyData
Result: NOTE
'LazyData' is specified without a 'data' directory
Flavors: r-devel-linux-x86_64-debian-clang, r-devel-linux-x86_64-debian-gcc, r-devel-linux-x86_64-fedora-clang, r-devel-linux-x86_64-fedora-gcc, r-devel-windows-x86_64, r-patched-linux-x86_64, r-release-linux-x86_64, r-release-macos-arm64, r-release-windows-x86_64, r-oldrel-macos-arm64, r-oldrel-macos-x86_64, r-oldrel-windows-x86_64