Last updated on 2025-11-25 11:52:06 CET.
| Flavor | Version | Tinstall | Tcheck | Ttotal | Status | Flags |
|---|---|---|---|---|---|---|
| r-devel-linux-x86_64-debian-clang | 1.1 | 12.40 | 108.13 | 120.53 | OK | |
| r-devel-linux-x86_64-debian-gcc | 1.1 | 9.18 | 81.06 | 90.24 | OK | |
| r-devel-linux-x86_64-fedora-clang | 1.1 | 82.00 | 124.43 | 206.43 | OK | |
| r-devel-linux-x86_64-fedora-gcc | 1.1 | 31.00 | 153.86 | 184.86 | OK | |
| r-devel-windows-x86_64 | 1.1 | 16.00 | 107.00 | 123.00 | OK | |
| r-patched-linux-x86_64 | 1.1 | 13.06 | 101.98 | 115.04 | OK | |
| r-release-linux-x86_64 | 1.1 | 12.82 | 101.20 | 114.02 | OK | |
| r-release-macos-arm64 | 1.1 | OK | ||||
| r-release-macos-x86_64 | 1.1 | 10.00 | 81.00 | 91.00 | OK | |
| r-release-windows-x86_64 | 1.1 | 15.00 | 115.00 | 130.00 | OK | |
| r-oldrel-macos-arm64 | 1.1 | NOTE | ||||
| r-oldrel-macos-x86_64 | 1.1 | 9.00 | 72.00 | 81.00 | NOTE | |
| r-oldrel-windows-x86_64 | 1.1 | 19.00 | 136.00 | 155.00 | NOTE |
Version: 1.1
Check: installed package size
Result: NOTE
installed size is 5.9Mb
sub-directories of 1Mb or more:
data 4.3Mb
help 1.5Mb
Flavors: r-oldrel-macos-arm64, r-oldrel-macos-x86_64, r-oldrel-windows-x86_64