Last updated on 2024-05-09 10:50:07 CEST.
Flavor | Version | Tinstall | Tcheck | Ttotal | Status | Flags |
---|---|---|---|---|---|---|
r-devel-linux-x86_64-debian-clang | 1.0-20160527 | 2.88 | 31.44 | 34.32 | NOTE | |
r-devel-linux-x86_64-debian-gcc | 1.0-20160527 | 2.33 | 24.64 | 26.97 | NOTE | |
r-devel-linux-x86_64-fedora-clang | 1.0-20160527 | 42.51 | NOTE | |||
r-devel-linux-x86_64-fedora-gcc | 1.0-20160527 | 73.28 | NOTE | |||
r-devel-windows-x86_64 | 1.0-20160527 | 4.00 | 55.00 | 59.00 | NOTE | |
r-patched-linux-x86_64 | 1.0-20160527 | 2.52 | 30.13 | 32.65 | NOTE | |
r-release-linux-x86_64 | 1.0-20160527 | 2.92 | 30.11 | 33.03 | NOTE | |
r-release-macos-arm64 | 1.0-20160527 | 20.00 | NOTE | |||
r-release-windows-x86_64 | 1.0-20160527 | 3.00 | 52.00 | 55.00 | NOTE | |
r-oldrel-macos-arm64 | 1.0-20160527 | 19.00 | NOTE | |||
r-oldrel-macos-x86_64 | 1.0-20160527 | 25.00 | NOTE | |||
r-oldrel-windows-x86_64 | 1.0-20160527 | 4.00 | 52.00 | 56.00 | NOTE |
Version: 1.0-20160527
Check: LazyData
Result: NOTE
'LazyData' is specified without a 'data' directory
Flavors: r-devel-linux-x86_64-debian-clang, r-devel-linux-x86_64-debian-gcc, r-devel-linux-x86_64-fedora-clang, r-devel-linux-x86_64-fedora-gcc, r-devel-windows-x86_64, r-patched-linux-x86_64, r-release-linux-x86_64, r-release-macos-arm64, r-release-windows-x86_64, r-oldrel-macos-arm64, r-oldrel-macos-x86_64, r-oldrel-windows-x86_64