CRAN Package Check Results for Package sm

Last updated on 2025-11-20 11:51:25 CET.

Flavor Version Tinstall Tcheck Ttotal Status Flags
r-devel-linux-x86_64-debian-clang 2.2-6.0 15.75 76.88 92.63 NOTE
r-devel-linux-x86_64-debian-gcc 2.2-6.0 9.67 53.61 63.28 NOTE
r-devel-linux-x86_64-fedora-clang 2.2-6.0 43.00 109.50 152.50 OK
r-devel-linux-x86_64-fedora-gcc 2.2-6.0 59.00 88.52 147.52 OK
r-devel-windows-x86_64 2.2-6.0 20.00 91.00 111.00 NOTE
r-patched-linux-x86_64 2.2-6.0 16.16 70.86 87.02 OK
r-release-linux-x86_64 2.2-6.0 14.92 71.51 86.43 OK
r-release-macos-arm64 2.2-6.0 OK
r-release-macos-x86_64 2.2-6.0 18.00 96.00 114.00 OK
r-release-windows-x86_64 2.2-6.0 18.00 90.00 108.00 OK
r-oldrel-macos-arm64 2.2-6.0 OK
r-oldrel-macos-x86_64 2.2-6.0 11.00 44.00 55.00 OK
r-oldrel-windows-x86_64 2.2-6.0 26.00 108.00 134.00 OK

Check Details

Version: 2.2-6.0
Check: CRAN incoming feasibility
Result: NOTE Maintainer: ‘Adrian Bowman <adrian.bowman@glasgow.ac.uk>’ No Authors@R field in DESCRIPTION. Please add one, modifying Authors@R: c(person(given = "Adrian", family = "Bowman", role = c("aut", "cre"), email = "adrian.bowman@glasgow.ac.uk"), person(given = c("Adelchi", "Azzalini.", "Ported", "to", "R", "by", "B.", "D.", "Ripley", "up", "to", "version"), family = "2.0", role = "aut", email = "ripley@stats.ox.ac.uk"), person(given = c("version", "2.1", "by", "Adrian"), family = "Bowman", role = "aut"), person(given = "Adelchi", family = "Azzalini", role = "aut"), person(given = c("version", "2.2", "by", "Adrian"), family = "Bowman.", role = "aut")) as necessary. Flavors: r-devel-linux-x86_64-debian-clang, r-devel-linux-x86_64-debian-gcc

Version: 2.2-6.0
Check: Rd files
Result: NOTE checkRd: (-1) poles.Rd:12-15: Only 2 columns allowed in this table (row 1 has 1) checkRd: (-1) poles.Rd:12-15: Only 2 columns allowed in this table (row 2 has 1) Flavor: r-devel-windows-x86_64