Last updated on 2024-05-09 10:50:07 CEST.
Flavor | Version | Tinstall | Tcheck | Ttotal | Status | Flags |
---|---|---|---|---|---|---|
r-devel-linux-x86_64-debian-clang | 1.0.1 | 3.20 | 34.19 | 37.39 | NOTE | |
r-devel-linux-x86_64-debian-gcc | 1.0.1 | 2.52 | 25.72 | 28.24 | NOTE | |
r-devel-linux-x86_64-fedora-clang | 1.0.1 | 46.66 | NOTE | |||
r-devel-linux-x86_64-fedora-gcc | 1.0.1 | 68.26 | NOTE | |||
r-devel-windows-x86_64 | 1.0.1 | 4.00 | 50.00 | 54.00 | NOTE | |
r-patched-linux-x86_64 | 1.0.1 | 3.20 | 32.27 | 35.47 | NOTE | |
r-release-linux-x86_64 | 1.0.1 | 2.98 | 31.34 | 34.32 | NOTE | |
r-release-macos-arm64 | 1.0.1 | 20.00 | NOTE | |||
r-release-windows-x86_64 | 1.0.1 | 5.00 | 48.00 | 53.00 | NOTE | |
r-oldrel-macos-arm64 | 1.0.1 | 19.00 | NOTE | |||
r-oldrel-macos-x86_64 | 1.0.1 | 27.00 | NOTE | |||
r-oldrel-windows-x86_64 | 1.0.1 | 5.00 | 50.00 | 55.00 | NOTE |
Version: 1.0.1
Check: LazyData
Result: NOTE
'LazyData' is specified without a 'data' directory
Flavors: r-devel-linux-x86_64-debian-clang, r-devel-linux-x86_64-debian-gcc, r-devel-linux-x86_64-fedora-clang, r-devel-linux-x86_64-fedora-gcc, r-devel-windows-x86_64, r-patched-linux-x86_64, r-release-linux-x86_64, r-release-macos-arm64, r-release-windows-x86_64, r-oldrel-macos-arm64, r-oldrel-macos-x86_64, r-oldrel-windows-x86_64