CRAN Package Check Results for Package signed.backbones

Last updated on 2025-11-25 11:52:05 CET.

Flavor Version Tinstall Tcheck Ttotal Status Flags
r-devel-linux-x86_64-debian-clang 0.91.5 1.92 19.99 21.91 NOTE
r-devel-linux-x86_64-debian-gcc 0.91.5 1.50 16.45 17.95 NOTE
r-devel-linux-x86_64-fedora-clang 0.91.5 32.47 OK
r-devel-linux-x86_64-fedora-gcc 0.91.5 30.27 OK
r-devel-windows-x86_64 0.91.5 3.00 37.00 40.00 OK
r-patched-linux-x86_64 0.91.5 1.94 18.67 20.61 OK
r-release-linux-x86_64 0.91.5 1.70 18.61 20.31 OK
r-release-macos-arm64 0.91.5 OK
r-release-macos-x86_64 0.91.5 2.00 22.00 24.00 OK
r-release-windows-x86_64 0.91.5 4.00 42.00 46.00 OK
r-oldrel-macos-arm64 0.91.5 OK
r-oldrel-macos-x86_64 0.91.5 2.00 19.00 21.00 OK
r-oldrel-windows-x86_64 0.91.5 4.00 42.00 46.00 OK

Check Details

Version: 0.91.5
Check: CRAN incoming feasibility
Result: NOTE Maintainer: ‘Furkan Gursoy <furkan.gursoy@boun.edu.tr>’ The Description field contains Networks. <arXiv:2012.05216>. Please refer to arXiv e-prints via their arXiv DOI <doi:10.48550/arXiv.YYMM.NNNNN>. Flavors: r-devel-linux-x86_64-debian-clang, r-devel-linux-x86_64-debian-gcc