Last updated on 2025-11-21 09:49:17 CET.
| Flavor | Version | Tinstall | Tcheck | Ttotal | Status | Flags |
|---|---|---|---|---|---|---|
| r-devel-linux-x86_64-debian-clang | 1.4 | 2.99 | 22.18 | 25.17 | NOTE | |
| r-devel-linux-x86_64-debian-gcc | 1.4 | 2.29 | 18.19 | 20.48 | NOTE | |
| r-devel-linux-x86_64-fedora-clang | 1.4 | 36.51 | OK | |||
| r-devel-linux-x86_64-fedora-gcc | 1.4 | 34.15 | OK | |||
| r-devel-windows-x86_64 | 1.4 | 8.00 | 43.00 | 51.00 | OK | |
| r-patched-linux-x86_64 | 1.4 | 2.53 | 20.07 | 22.60 | OK | |
| r-release-linux-x86_64 | 1.4 | 2.53 | 20.47 | 23.00 | OK | |
| r-release-macos-arm64 | 1.4 | OK | ||||
| r-release-macos-x86_64 | 1.4 | 4.00 | 23.00 | 27.00 | OK | |
| r-release-windows-x86_64 | 1.4 | 8.00 | 43.00 | 51.00 | OK | |
| r-oldrel-macos-arm64 | 1.4 | OK | ||||
| r-oldrel-macos-x86_64 | 1.4 | 3.00 | 20.00 | 23.00 | OK | |
| r-oldrel-windows-x86_64 | 1.4 | 6.00 | 48.00 | 54.00 | OK |
Version: 1.4
Check: CRAN incoming feasibility
Result: NOTE
Maintainer: ‘W.J. Braun <john.braun@ubc.ca>’
No Authors@R field in DESCRIPTION.
Please add one, modifying
Authors@R: c(person(given = c("W.", "John"),
family = "Braun",
role = "aut",
email = "john.braun@ubc.ca"),
person(given = "W.J.",
family = "Braun",
role = "cre",
email = "john.braun@ubc.ca"))
as necessary.
Flavors: r-devel-linux-x86_64-debian-clang, r-devel-linux-x86_64-debian-gcc