Last updated on 2025-10-31 09:50:30 CET.
| Flavor | Version | Tinstall | Tcheck | Ttotal | Status | Flags | 
|---|---|---|---|---|---|---|
| r-devel-linux-x86_64-debian-clang | 0.0.2 | 2.29 | 26.17 | 28.46 | NOTE | |
| r-devel-linux-x86_64-debian-gcc | 0.0.2 | 1.75 | 20.31 | 22.06 | NOTE | |
| r-devel-linux-x86_64-fedora-clang | 0.0.2 | 42.87 | NOTE | |||
| r-devel-linux-x86_64-fedora-gcc | 0.0.2 | 41.16 | NOTE | |||
| r-devel-windows-x86_64 | 0.0.2 | 3.00 | 46.00 | 49.00 | NOTE | |
| r-patched-linux-x86_64 | 0.0.2 | 2.67 | 24.84 | 27.51 | NOTE | |
| r-release-linux-x86_64 | 0.0.2 | 2.31 | 24.96 | 27.27 | NOTE | |
| r-release-macos-arm64 | 0.0.2 | 1.00 | 17.00 | 18.00 | NOTE | |
| r-release-macos-x86_64 | 0.0.2 | 2.00 | 27.00 | 29.00 | NOTE | |
| r-release-windows-x86_64 | 0.0.2 | 5.00 | 48.00 | 53.00 | NOTE | |
| r-oldrel-macos-arm64 | 0.0.2 | 1.00 | 16.00 | 17.00 | NOTE | |
| r-oldrel-macos-x86_64 | 0.0.2 | 2.00 | 22.00 | 24.00 | NOTE | |
| r-oldrel-windows-x86_64 | 0.0.2 | 4.00 | 55.00 | 59.00 | NOTE | 
Version: 0.0.2
Check: Rd files
Result: NOTE
  checkRd: (-1) powerShape.Rd:30: Lost braces in \itemize; meant \describe ?
  checkRd: (-1) powerShape.Rd:31: Lost braces in \itemize; meant \describe ?
  checkRd: (-1) powerShape.Rd:32-33: Lost braces in \itemize; meant \describe ?
  checkRd: (-1) powerShapeNA.Rd:30: Lost braces in \itemize; meant \describe ?
  checkRd: (-1) powerShapeNA.Rd:31: Lost braces in \itemize; meant \describe ?
  checkRd: (-1) powerShapeNA.Rd:32-33: Lost braces in \itemize; meant \describe ?
Flavors: r-devel-linux-x86_64-debian-clang, r-devel-linux-x86_64-debian-gcc, r-devel-linux-x86_64-fedora-clang, r-devel-linux-x86_64-fedora-gcc, r-devel-windows-x86_64, r-patched-linux-x86_64, r-release-linux-x86_64, r-release-macos-arm64, r-release-macos-x86_64, r-release-windows-x86_64, r-oldrel-macos-arm64, r-oldrel-macos-x86_64, r-oldrel-windows-x86_64
Version: 0.0.2
Check: dependencies in R code
Result: NOTE
  Namespace in Imports field not imported from: ‘stats’
    All declared Imports should be used.
Flavors: r-devel-linux-x86_64-fedora-clang, r-devel-linux-x86_64-fedora-gcc
Version: 0.0.2
Check: LazyData
Result: NOTE
    'LazyData' is specified without a 'data' directory
Flavors: r-oldrel-macos-arm64, r-oldrel-macos-x86_64, r-oldrel-windows-x86_64