Last updated on 2025-11-20 11:51:24 CET.
| Flavor | Version | Tinstall | Tcheck | Ttotal | Status | Flags |
|---|---|---|---|---|---|---|
| r-devel-linux-x86_64-debian-clang | 0.4.4 | 77.44 | 45.27 | 122.71 | WARN | |
| r-devel-linux-x86_64-debian-gcc | 0.4.4 | 73.19 | 34.94 | 108.13 | WARN | |
| r-devel-linux-x86_64-fedora-clang | 0.4.4 | 144.00 | 70.84 | 214.84 | WARN | |
| r-devel-linux-x86_64-fedora-gcc | 0.4.4 | 98.00 | 170.46 | 268.46 | WARN | |
| r-devel-windows-x86_64 | 0.4.4 | 128.00 | 86.00 | 214.00 | WARN | |
| r-patched-linux-x86_64 | 0.4.4 | 98.21 | 41.14 | 139.35 | NOTE | |
| r-release-linux-x86_64 | 0.4.4 | 100.17 | 41.20 | 141.37 | NOTE | |
| r-release-macos-arm64 | 0.4.4 | NOTE | ||||
| r-release-macos-x86_64 | 0.4.4 | 27.00 | 67.00 | 94.00 | NOTE | |
| r-release-windows-x86_64 | 0.4.4 | 109.00 | 84.00 | 193.00 | NOTE | |
| r-oldrel-macos-arm64 | 0.4.4 | NOTE | ||||
| r-oldrel-macos-x86_64 | 0.4.4 | 27.00 | 42.00 | 69.00 | NOTE | |
| r-oldrel-windows-x86_64 | 0.4.4 | 123.00 | 109.00 | 232.00 | OK |
Version: 0.4.4
Check: compiled code
Result: WARN
File ‘sfheaders/libs/sfheaders.so’:
Found non-API call to R: ‘STRING_PTR’
This entry point may be removed soon.
Compiled code should not call non-API entry points in R.
See ‘Writing portable packages’ in the ‘Writing R Extensions’ manual,
and section ‘Moving into C API compliance’ for issues with the use of
non-API entry points.
Flavors: r-devel-linux-x86_64-debian-clang, r-devel-linux-x86_64-debian-gcc, r-devel-linux-x86_64-fedora-clang, r-devel-linux-x86_64-fedora-gcc
Version: 0.4.4
Check: compiled code
Result: WARN
File 'sfheaders/libs/x64/sfheaders.dll':
Found non-API call to R: 'STRING_PTR'
This entry point may be removed soon.
Compiled code should not call non-API entry points in R.
See 'Writing portable packages' in the 'Writing R Extensions' manual,
and section 'Moving into C API compliance' for issues with the use of
non-API entry points.
Flavor: r-devel-windows-x86_64
Version: 0.4.4
Check: compiled code
Result: NOTE
File ‘sfheaders/libs/sfheaders.so’:
Found non-API call to R: ‘STRING_PTR’
Compiled code should not call non-API entry points in R.
See ‘Writing portable packages’ in the ‘Writing R Extensions’ manual,
and section ‘Moving into C API compliance’ for issues with the use of
non-API entry points.
Flavors: r-patched-linux-x86_64, r-release-linux-x86_64, r-release-macos-arm64, r-release-macos-x86_64
Version: 0.4.4
Check: compiled code
Result: NOTE
File 'sfheaders/libs/x64/sfheaders.dll':
Found non-API call to R: 'STRING_PTR'
Compiled code should not call non-API entry points in R.
See 'Writing portable packages' in the 'Writing R Extensions' manual,
and section 'Moving into C API compliance' for issues with the use of
non-API entry points.
Flavor: r-release-windows-x86_64
Version: 0.4.4
Check: installed package size
Result: NOTE
installed size is 8.0Mb
sub-directories of 1Mb or more:
libs 7.4Mb
Flavors: r-oldrel-macos-arm64, r-oldrel-macos-x86_64