Last updated on 2024-05-09 10:50:05 CEST.
Flavor | Version | Tinstall | Tcheck | Ttotal | Status | Flags |
---|---|---|---|---|---|---|
r-devel-linux-x86_64-debian-clang | 1.0.0 | 13.47 | 61.65 | 75.12 | OK | |
r-devel-linux-x86_64-debian-gcc | 1.0.0 | 9.55 | 43.25 | 52.80 | OK | |
r-devel-linux-x86_64-fedora-clang | 1.0.0 | 91.96 | NOTE | |||
r-devel-linux-x86_64-fedora-gcc | 1.0.0 | 116.86 | NOTE | |||
r-devel-windows-x86_64 | 1.0.0 | 8.00 | 65.00 | 73.00 | OK | |
r-patched-linux-x86_64 | 1.0.0 | 8.65 | 56.28 | 64.93 | OK | |
r-release-linux-x86_64 | 1.0.0 | 8.33 | 57.51 | 65.84 | OK | |
r-release-macos-arm64 | 1.0.0 | 38.00 | OK | |||
r-release-windows-x86_64 | 1.0.0 | 10.00 | 66.00 | 76.00 | OK | |
r-oldrel-macos-arm64 | 1.0.0 | 38.00 | OK | |||
r-oldrel-macos-x86_64 | 1.0.0 | 53.00 | OK | |||
r-oldrel-windows-x86_64 | 1.0.0 | 12.00 | 73.00 | 85.00 | OK |
Version: 1.0.0
Check: dependencies in R code
Result: NOTE
Namespace in Imports field not imported from: ‘reticulate’
All declared Imports should be used.
Flavors: r-devel-linux-x86_64-fedora-clang, r-devel-linux-x86_64-fedora-gcc